
--
-- Table structure for table `kNnkE8EUi_wc_rate_limits`
--

CREATE TABLE `kNnkE8EUi_wc_rate_limits` (
  `rate_limit_id` bigint unsigned NOT NULL AUTO_INCREMENT,
  `rate_limit_key` varchar(200) COLLATE utf8mb4_unicode_520_ci NOT NULL,
  `rate_limit_expiry` bigint unsigned NOT NULL,
  `rate_limit_remaining` smallint NOT NULL DEFAULT '0',
  PRIMARY KEY (`rate_limit_id`),
  UNIQUE KEY `rate_limit_key` (`rate_limit_key`(191))
) ENGINE=InnoDB DEFAULT CHARSET=utf8mb4 COLLATE=utf8mb4_unicode_520_ci;

--
-- Dumping data for table `kNnkE8EUi_wc_rate_limits`
--


--
-- Table structure for table `kNnkE8EUi_wc_reserved_stock`
--

CREATE TABLE `kNnkE8EUi_wc_reserved_stock` (
  `order_id` bigint NOT NULL,
  `product_id` bigint NOT NULL,
  `stock_quantity` double NOT NULL DEFAULT '0',
  `timestamp` datetime NOT NULL DEFAULT '0000-00-00 00:00:00',
  `expires` datetime NOT NULL DEFAULT '0000-00-00 00:00:00',
  PRIMARY KEY (`order_id`,`product_id`)
) ENGINE=InnoDB DEFAULT CHARSET=utf8mb4 COLLATE=utf8mb4_unicode_520_ci;

--
-- Dumping data for table `kNnkE8EUi_wc_reserved_stock`
--


--
-- Table structure for table `kNnkE8EUi_wc_tax_rate_classes`
--

CREATE TABLE `kNnkE8EUi_wc_tax_rate_classes` (
  `tax_rate_class_id` bigint unsigned NOT NULL AUTO_INCREMENT,
  `name` varchar(200) COLLATE utf8mb4_unicode_520_ci NOT NULL DEFAULT '',
  `slug` varchar(200) COLLATE utf8mb4_unicode_520_ci NOT NULL DEFAULT '',
  PRIMARY KEY (`tax_rate_class_id`),
  UNIQUE KEY `slug` (`slug`(191))
) ENGINE=InnoDB AUTO_INCREMENT=3 DEFAULT CHARSET=utf8mb4 COLLATE=utf8mb4_unicode_520_ci;

--
-- Dumping data for table `kNnkE8EUi_wc_tax_rate_classes`
--

INSERT INTO `kNnkE8EUi_wc_tax_rate_classes` VALUES (1,'Reduced rate','reduced-rate'),(2,'Zero rate','zero-rate');

--
-- Table structure for table `kNnkE8EUi_wc_webhooks`
--

CREATE TABLE `kNnkE8EUi_wc_webhooks` (
  `webhook_id` bigint unsigned NOT NULL AUTO_INCREMENT,
  `status` varchar(200) COLLATE utf8mb4_unicode_520_ci NOT NULL,
  `name` text COLLATE utf8mb4_unicode_520_ci NOT NULL,
  `user_id` bigint unsigned NOT NULL,
  `delivery_url` text COLLATE utf8mb4_unicode_520_ci NOT NULL,
  `secret` text COLLATE utf8mb4_unicode_520_ci NOT NULL,
  `topic` varchar(200) COLLATE utf8mb4_unicode_520_ci NOT NULL,
  `date_created` datetime NOT NULL DEFAULT '0000-00-00 00:00:00',
  `date_created_gmt` datetime NOT NULL DEFAULT '0000-00-00 00:00:00',
  `date_modified` datetime NOT NULL DEFAULT '0000-00-00 00:00:00',
  `date_modified_gmt` datetime NOT NULL DEFAULT '0000-00-00 00:00:00',
  `api_version` smallint NOT NULL,
  `failure_count` smallint NOT NULL DEFAULT '0',
  `pending_delivery` tinyint(1) NOT NULL DEFAULT '0',
  PRIMARY KEY (`webhook_id`),
  KEY `user_id` (`user_id`)
) ENGINE=InnoDB AUTO_INCREMENT=14 DEFAULT CHARSET=utf8mb4 COLLATE=utf8mb4_unicode_520_ci;

--
-- Dumping data for table `kNnkE8EUi_wc_webhooks`
--

INSERT INTO `kNnkE8EUi_wc_webhooks` VALUES (1,'active','Order updated',1,'https://www.inkthreadable.co.uk/woocommerce-update-order','SMsR9JJMr9zajSNJ38ffM9BKCDFRG8th','order.updated','2025-08-21 17:24:54','2025-08-21 17:24:54','2025-09-03 17:58:12','2025-09-03 17:58:12',3,0,0),(2,'active','Product deleted',1,'https://www.inkthreadable.co.uk/woocommerce-delete-product','SMsR9JJMr9zajSNJ38ffM9BKCDFRG8th','product.deleted','2025-08-21 17:24:54','2025-08-21 17:24:54','2025-09-11 16:01:48','2025-09-11 16:01:48',3,0,0),(3,'active','Printful Integration',1,'https://api.printful.com/hook/woocommerce?store=16662329','cs_114e46b11439f34ea3d34957d6522b04e4e3ee3d','action.woocommerce_order_status_processing','2025-08-22 13:56:29','2025-08-22 13:56:29','2025-09-03 17:58:12','2025-09-03 17:58:12',2,0,0),(4,'active','Printful Integration',1,'https://api.printful.com/hook/woocommerce?store=16662329','cs_114e46b11439f34ea3d34957d6522b04e4e3ee3d','product.updated','2025-08-22 13:56:31','2025-08-22 13:56:31','2025-09-10 16:57:28','2025-09-10 16:57:28',2,0,0),(5,'active','Printful Integration',1,'https://api.printful.com/hook/woocommerce?store=16662329','cs_114e46b11439f34ea3d34957d6522b04e4e3ee3d','product.deleted','2025-08-22 13:56:33','2025-08-22 13:56:33','2025-09-11 16:01:48','2025-09-11 16:01:48',2,0,0),(6,'active','Order updated',1,'https://www.twofifteen.co.uk/woocommerce-update-order','XPFRhYLyMu2dKmsuaGbJgszjq4hzJpZ9','order.updated','2025-09-09 16:33:55','2025-09-09 16:33:55','2025-09-09 16:33:55','2025-09-09 16:33:55',2,0,0),(7,'active','Product deleted',1,'https://www.twofifteen.co.uk/woocommerce-delete-product','XPFRhYLyMu2dKmsuaGbJgszjq4hzJpZ9','product.deleted','2025-09-09 16:33:55','2025-09-09 16:33:55','2025-09-11 16:01:47','2025-09-11 16:01:47',2,0,0),(8,'active','Gelato | Order created webhook',1,'https://webhooks.ecommerce.ie.live.gelato.tech/v1/woocommerce/webhooks/order/created','aeb03893c013bfc0b428aff42f4ef6ba','order.created','2025-09-09 16:51:14','2025-09-09 16:51:14','2025-09-09 16:52:08','2025-09-09 16:52:08',3,0,1),(9,'active','Gelato | Order updated webhook',1,'https://webhooks.ecommerce.ie.live.gelato.tech/v1/woocommerce/webhooks/order/updated','aeb03893c013bfc0b428aff42f4ef6ba','order.updated','2025-09-09 16:51:15','2025-09-09 16:51:15','2025-09-09 16:52:09','2025-09-09 16:52:09',3,0,1),(10,'active','Gelato | Order deleted webhook',1,'https://webhooks.ecommerce.ie.live.gelato.tech/v1/woocommerce/webhooks/order/deleted','aeb03893c013bfc0b428aff42f4ef6ba','order.deleted','2025-09-09 16:51:17','2025-09-09 16:51:17','2025-09-09 16:52:11','2025-09-09 16:52:11',3,0,1),(11,'active','Gelato | Product created webhook',1,'https://webhooks.ecommerce.ie.live.gelato.tech/v1/woocommerce/webhooks/product/created','aeb03893c013bfc0b428aff42f4ef6ba','product.created','2025-09-09 16:51:19','2025-09-09 16:51:19','2025-09-10 16:55:36','2025-09-10 16:55:36',3,0,1),(12,'active','Gelato | Product updated webhook',1,'https://webhooks.ecommerce.ie.live.gelato.tech/v1/woocommerce/webhooks/product/updated','aeb03893c013bfc0b428aff42f4ef6ba','product.updated','2025-09-09 16:51:20','2025-09-09 16:51:20','2025-09-10 16:57:28','2025-09-10 16:57:28',3,0,1),(13,'active','Gelato | Product deleted webhook',1,'https://webhooks.ecommerce.ie.live.gelato.tech/v1/woocommerce/webhooks/product/deleted','aeb03893c013bfc0b428aff42f4ef6ba','product.deleted','2025-09-09 16:51:22','2025-09-09 16:51:22','2025-09-11 16:01:47','2025-09-11 16:01:47',3,0,1);

--
-- Table structure for table `kNnkE8EUi_woocommerce_api_keys`
--

CREATE TABLE `kNnkE8EUi_woocommerce_api_keys` (
  `key_id` bigint unsigned NOT NULL AUTO_INCREMENT,
  `user_id` bigint unsigned NOT NULL,
  `description` varchar(200) COLLATE utf8mb4_unicode_520_ci DEFAULT NULL,
  `permissions` varchar(10) COLLATE utf8mb4_unicode_520_ci NOT NULL,
  `consumer_key` char(64) COLLATE utf8mb4_unicode_520_ci NOT NULL,
  `consumer_secret` char(43) COLLATE utf8mb4_unicode_520_ci NOT NULL,
  `nonces` longtext COLLATE utf8mb4_unicode_520_ci,
  `truncated_key` char(7) COLLATE utf8mb4_unicode_520_ci NOT NULL,
  `last_access` datetime DEFAULT NULL,
  PRIMARY KEY (`key_id`),
  KEY `consumer_key` (`consumer_key`),
  KEY `consumer_secret` (`consumer_secret`)
) ENGINE=InnoDB AUTO_INCREMENT=6 DEFAULT CHARSET=utf8mb4 COLLATE=utf8mb4_unicode_520_ci;

--
-- Dumping data for table `kNnkE8EUi_woocommerce_api_keys`
--

INSERT INTO `kNnkE8EUi_woocommerce_api_keys` VALUES (1,1,'Inkthreadable app - API (2025-08-21 17:24:52)','read_write','81c8bf8102f62021d0e2a38807d5d4c0f59d8bb2eb98adc3bedb0e07922493bb','cs_d34906e69dc326aef5fb947581932e74a3e53f44',NULL,'da4c215','2025-09-07 14:51:51'),(2,1,'Printful - API (2025-08-22 13:56:06)','read_write','9d56241d5bbebc25f03b43a05beec517e265f2e5c0c2c57df8245ee0147d3717','cs_114e46b11439f34ea3d34957d6522b04e4e3ee3d',NULL,'c47ffce','2025-09-11 12:49:47'),(3,1,'Two Fifteen app - API (2025-09-09 16:33:54)','read_write','eb580eecc6527e25e29ba0fae90667249a30b2b3491493d9542e914ea68352c0','cs_c993642a4379c337a64f2fe69e205d23446173ec',NULL,'24409f9','2025-09-09 16:34:28'),(4,1,'Gelato-live - API (2025-09-09 16:51:04)','read_write','0c1f40a3e60802a5790362e98ac53bc57a1d8404709247ed9cb964e70cf0fdc6','cs_403fc298a1092d545ee39a3ff6bd47a79cb4b29f',NULL,'195102b','2025-09-09 16:51:50'),(5,1,'Gelato-live - API (2025-09-09 16:52:01)','read_write','85f8905dd3dcffd11ce0ff0a44bd89e6675913e08b543c082750815d81ce3de3','cs_f61c08bf5a6b5d2eeb1b6eb9e9b8ae80d6a40363',NULL,'5e0bcb6','2025-09-11 16:47:48');

--
-- Table structure for table `kNnkE8EUi_woocommerce_attribute_taxonomies`
--

CREATE TABLE `kNnkE8EUi_woocommerce_attribute_taxonomies` (
  `attribute_id` bigint unsigned NOT NULL AUTO_INCREMENT,
  `attribute_name` varchar(200) COLLATE utf8mb4_unicode_520_ci NOT NULL,
  `attribute_label` varchar(200) COLLATE utf8mb4_unicode_520_ci DEFAULT NULL,
  `attribute_type` varchar(20) COLLATE utf8mb4_unicode_520_ci NOT NULL,
  `attribute_orderby` varchar(20) COLLATE utf8mb4_unicode_520_ci NOT NULL,
  `attribute_public` int NOT NULL DEFAULT '1',
  PRIMARY KEY (`attribute_id`),
  KEY `attribute_name` (`attribute_name`(20))
) ENGINE=InnoDB AUTO_INCREMENT=5 DEFAULT CHARSET=utf8mb4 COLLATE=utf8mb4_unicode_520_ci;

--
-- Dumping data for table `kNnkE8EUi_woocommerce_attribute_taxonomies`
--

INSERT INTO `kNnkE8EUi_woocommerce_attribute_taxonomies` VALUES (1,'color','Color','select','menu_order',0),(2,'size','Size','select','menu_order',0);

--
-- Table structure for table `kNnkE8EUi_woocommerce_downloadable_product_permissions`
--

CREATE TABLE `kNnkE8EUi_woocommerce_downloadable_product_permissions` (
  `permission_id` bigint unsigned NOT NULL AUTO_INCREMENT,
  `download_id` varchar(36) COLLATE utf8mb4_unicode_520_ci NOT NULL,
  `product_id` bigint unsigned NOT NULL,
  `order_id` bigint unsigned NOT NULL DEFAULT '0',
  `order_key` varchar(200) COLLATE utf8mb4_unicode_520_ci NOT NULL,
  `user_email` varchar(200) COLLATE utf8mb4_unicode_520_ci NOT NULL,
  `user_id` bigint unsigned DEFAULT NULL,
  `downloads_remaining` varchar(9) COLLATE utf8mb4_unicode_520_ci DEFAULT NULL,
  `access_granted` datetime NOT NULL DEFAULT '0000-00-00 00:00:00',
  `access_expires` datetime DEFAULT NULL,
  `download_count` bigint unsigned NOT NULL DEFAULT '0',
  PRIMARY KEY (`permission_id`),
  KEY `download_order_key_product` (`product_id`,`order_id`,`order_key`(16),`download_id`),
  KEY `download_order_product` (`download_id`,`order_id`,`product_id`),
  KEY `order_id` (`order_id`),
  KEY `user_order_remaining_expires` (`user_id`,`order_id`,`downloads_remaining`,`access_expires`)
) ENGINE=InnoDB DEFAULT CHARSET=utf8mb4 COLLATE=utf8mb4_unicode_520_ci;

--
-- Dumping data for table `kNnkE8EUi_woocommerce_downloadable_product_permissions`
--


--
-- Table structure for table `kNnkE8EUi_woocommerce_log`
--

CREATE TABLE `kNnkE8EUi_woocommerce_log` (
  `log_id` bigint unsigned NOT NULL AUTO_INCREMENT,
  `timestamp` datetime NOT NULL,
  `level` smallint NOT NULL,
  `source` varchar(200) COLLATE utf8mb4_unicode_520_ci NOT NULL,
  `message` longtext COLLATE utf8mb4_unicode_520_ci NOT NULL,
  `context` longtext COLLATE utf8mb4_unicode_520_ci,
  PRIMARY KEY (`log_id`),
  KEY `level` (`level`)
) ENGINE=InnoDB DEFAULT CHARSET=utf8mb4 COLLATE=utf8mb4_unicode_520_ci;

--
-- Dumping data for table `kNnkE8EUi_woocommerce_log`
--


--
-- Table structure for table `kNnkE8EUi_woocommerce_order_itemmeta`
--

CREATE TABLE `kNnkE8EUi_woocommerce_order_itemmeta` (
  `meta_id` bigint unsigned NOT NULL AUTO_INCREMENT,
  `order_item_id` bigint unsigned NOT NULL,
  `meta_key` varchar(255) COLLATE utf8mb4_unicode_520_ci DEFAULT NULL,
  `meta_value` longtext COLLATE utf8mb4_unicode_520_ci,
  PRIMARY KEY (`meta_id`),
  KEY `order_item_id` (`order_item_id`),
  KEY `meta_key` (`meta_key`(32))
) ENGINE=InnoDB AUTO_INCREMENT=562 DEFAULT CHARSET=utf8mb4 COLLATE=utf8mb4_unicode_520_ci;

--
-- Dumping data for table `kNnkE8EUi_woocommerce_order_itemmeta`
--

INSERT INTO `kNnkE8EUi_woocommerce_order_itemmeta` VALUES (201,21,'_product_id','98'),(202,21,'_variation_id','99'),(203,21,'_qty','1'),(204,21,'_tax_class',''),(205,21,'_line_subtotal','15'),(206,21,'_line_subtotal_tax','0'),(207,21,'_line_total','15'),(208,21,'_line_tax','0'),(209,21,'_line_tax_data','a:2:{s:5:\"total\";a:0:{}s:8:\"subtotal\";a:0:{}}'),(210,21,'pa_color','black'),(211,21,'pa_size','l'),(212,21,'_fpd_data','{\\\"product\\\":[{\\\"title\\\":\\\"Front\\\",\\\"thumbnail\\\":\\\"https://shoposy.com/wp-content/uploads/2025/08/preview_men_standard_front-1-1.png\\\",\\\"elements\\\":[{\\\"title\\\":\\\"Base\\\",\\\"source\\\":\\\"https://shoposy.com/wp-content/uploads/fpd_imports/shirts_men_standard/Tshirt2-Front-Base.svg\\\",\\\"parameters\\\":{\\\"_optionsSet\\\":true,\\\"advancedEditing\\\":false,\\\"angle\\\":0,\\\"autoCenter\\\":false,\\\"autoSelect\\\":false,\\\"boundingBox\\\":\\\"0\\\",\\\"boundingBoxMode\\\":\\\"none\\\",\\\"colorLink3DLayer\\\":false,\\\"colorLinkGroup\\\":\\\"color-shirt\\\",\\\"colorMode\\\":\\\"tint\\\",\\\"colorPrices\\\":[],\\\"colors\\\":1,\\\"copyable\\\":false,\\\"cornerSize\\\":24,\\\"draggable\\\":false,\\\"evented\\\":true,\\\"excludeFromExport\\\":false,\\\"fill\\\":\\\"#252525\\\",\\\"filter\\\":false,\\\"fixed\\\":false,\\\"flipX\\\":false,\\\"flipY\\\":false,\\\"height\\\":716.800781,\\\"isEditable\\\":true,\\\"left\\\":300,\\\"lockUniScaling\\\":false,\\\"locked\\\":false,\\\"minScaleLimit\\\":0.01,\\\"objectCaching\\\":false,\\\"opacity\\\":1,\\\"originParams\\\":{\\\"objectCaching\\\":false,\\\"z\\\":0,\\\"price\\\":0,\\\"colors\\\":1,\\\"removable\\\":false,\\\"draggable\\\":false,\\\"rotatable\\\":false,\\\"resizable\\\":false,\\\"copyable\\\":false,\\\"zChangeable\\\":false,\\\"boundingBox\\\":\\\"0\\\",\\\"boundingBoxMode\\\":\\\"none\\\",\\\"autoCenter\\\":false,\\\"replace\\\":\\\"\\\",\\\"replaceInAllViews\\\":false,\\\"autoSelect\\\":false,\\\"topped\\\":false,\\\"colorPrices\\\":[],\\\"colorLinkGroup\\\":\\\"color-shirt\\\",\\\"patterns\\\":\\\"\\\",\\\"sku\\\":\\\"\\\",\\\"excludeFromExport\\\":false,\\\"showInColorSelection\\\":false,\\\"locked\\\":false,\\\"uniScalingUnlockable\\\":false,\\\"fixed\\\":false,\\\"shadowColor\\\":\\\"\\\",\\\"shadowBlur\\\":0,\\\"shadowOffsetX\\\":0,\\\"shadowOffsetY\\\":0,\\\"colorLink3DLayer\\\":false,\\\"originX\\\":\\\"center\\\",\\\"originY\\\":\\\"center\\\",\\\"cornerSize\\\":24,\\\"lockUniScaling\\\":false,\\\"pattern\\\":false,\\\"top\\\":330,\\\"left\\\":300,\\\"angle\\\":0,\\\"flipX\\\":false,\\\"flipY\\\":false,\\\"opacity\\\":1,\\\"scaleX\\\":0.7702969091194894,\\\"scaleY\\\":0.7702969091194894,\\\"uploadZone\\\":false,\\\"filter\\\":false,\\\"colorMode\\\":\\\"tint\\\",\\\"scaleMode\\\":\\\"fit\\\",\\\"resizeToW\\\":\\\"0\\\",\\\"resizeToH\\\":\\\"0\\\",\\\"advancedEditing\\\":false,\\\"uploadZoneMovable\\\":false,\\\"uploadZoneRemovable\\\":false,\\\"padding\\\":0,\\\"minScaleLimit\\\":0.01,\\\"customAdds\\\":[],\\\"_isInitial\\\":true,\\\"source\\\":\\\"https://shoposy.com/wp-content/uploads/fpd_imports/shirts_men_standard/Tshirt2-Front-Base.svg\\\",\\\"title\\\":\\\"Base\\\",\\\"id\\\":\\\"1755801508680\\\",\\\"selectable\\\":false,\\\"lockRotation\\\":true,\\\"hasRotatingPoint\\\":false,\\\"lockScalingX\\\":true,\\\"lockScalingY\\\":true,\\\"lockMovementX\\\":true,\\\"lockMovementY\\\":true,\\\"hasControls\\\":false,\\\"evented\\\":false,\\\"lockScalingFlip\\\":true},\\\"originX\\\":\\\"center\\\",\\\"originY\\\":\\\"center\\\",\\\"padding\\\":0,\\\"patterns\\\":\\\"\\\",\\\"price\\\":0,\\\"removable\\\":false,\\\"replace\\\":\\\"\\\",\\\"replaceInAllViews\\\":false,\\\"resizable\\\":false,\\\"resizeToH\\\":\\\"0\\\",\\\"resizeToW\\\":\\\"0\\\",\\\"rotatable\\\":false,\\\"scaleMode\\\":\\\"fit\\\",\\\"scaleX\\\":0.7702969091194894,\\\"scaleY\\\":0.7702969091194894,\\\"shadowBlur\\\":0,\\\"shadowColor\\\":\\\"\\\",\\\"shadowOffsetX\\\":0,\\\"shadowOffsetY\\\":0,\\\"showInColorSelection\\\":false,\\\"sku\\\":\\\"\\\",\\\"top\\\":330,\\\"topped\\\":false,\\\"uniScalingUnlockable\\\":false,\\\"uploadZone\\\":false,\\\"uploadZoneMovable\\\":false,\\\"uploadZoneRemovable\\\":false,\\\"width\\\":626.703125,\\\"z\\\":-1,\\\"zChangeable\\\":false},\\\"type\\\":\\\"image\\\",\\\"printingBoxCoords\\\":{\\\"left\\\":-119.75888851607226,\\\"top\\\":-85.4598614839278}},{\\\"title\\\":\\\"IMG-20250816-WA0041.jpg\\\",\\\"source\\\":\\\"https://shoposy.com/wp-content/uploads/fancy_products_uploads///2025/08/21/15343c5dbe972bebcb4375aaeae9aec2.jpg\\\",\\\"parameters\\\":{\\\"_optionsSet\\\":true,\\\"_printingBox\\\":{\\\"x\\\":177,\\\"y\\\":138,\\\"width\\\":243,\\\"height\\\":404},\\\"advancedEditing\\\":false,\\\"angle\\\":0,\\\"autoCenter\\\":false,\\\"autoSelect\\\":false,\\\"boundingBox\\\":{\\\"x\\\":177,\\\"y\\\":138,\\\"width\\\":243,\\\"height\\\":404},\\\"boundingBoxMode\\\":\\\"clipping\\\",\\\"colorLink3DLayer\\\":false,\\\"colorLinkGroup\\\":\\\"\\\",\\\"colorMode\\\":\\\"tint\\\",\\\"colorPrices\\\":[],\\\"colors\\\":false,\\\"copyable\\\":false,\\\"cornerSize\\\":24,\\\"draggable\\\":true,\\\"evented\\\":true,\\\"excludeFromExport\\\":false,\\\"fill\\\":false,\\\"filter\\\":null,\\\"fixed\\\":false,\\\"flipX\\\":false,\\\"flipY\\\":false,\\\"height\\\":2048,\\\"isCustom\\\":true,\\\"isCustomImage\\\":true,\\\"isEditable\\\":true,\\\"left\\\":298.5,\\\"lockUniScaling\\\":true,\\\"locked\\\":false,\\\"minScaleLimit\\\":0.01,\\\"objectCaching\\\":false,\\\"opacity\\\":1,\\\"originParams\\\":{\\\"objectCaching\\\":false,\\\"z\\\":1,\\\"price\\\":0,\\\"colors\\\":\\\"\\\",\\\"removable\\\":true,\\\"draggable\\\":true,\\\"rotatable\\\":true,\\\"resizable\\\":true,\\\"copyable\\\":true,\\\"zChangeable\\\":true,\\\"boundingBox\\\":{\\\"x\\\":177,\\\"y\\\":138,\\\"width\\\":243,\\\"height\\\":404},\\\"boundingBoxMode\\\":\\\"clipping\\\",\\\"autoCenter\\\":true,\\\"replace\\\":\\\"\\\",\\\"replaceInAllViews\\\":false,\\\"autoSelect\\\":false,\\\"topped\\\":false,\\\"colorPrices\\\":[],\\\"colorLinkGroup\\\":\\\"\\\",\\\"patterns\\\":\\\"\\\",\\\"sku\\\":\\\"\\\",\\\"excludeFromExport\\\":false,\\\"showInColorSelection\\\":false,\\\"locked\\\":false,\\\"uniScalingUnlockable\\\":false,\\\"fixed\\\":false,\\\"shadowColor\\\":\\\"\\\",\\\"shadowBlur\\\":0,\\\"shadowOffsetX\\\":0,\\\"shadowOffsetY\\\":0,\\\"colorLink3DLayer\\\":false,\\\"originX\\\":\\\"center\\\",\\\"originY\\\":\\\"center\\\",\\\"cornerSize\\\":24,\\\"fill\\\":false,\\\"lockUniScaling\\\":true,\\\"pattern\\\":false,\\\"top\\\":0,\\\"left\\\":0,\\\"angle\\\":0,\\\"flipX\\\":false,\\\"flipY\\\":false,\\\"opacity\\\":1,\\\"scaleX\\\":1,\\\"scaleY\\\":1,\\\"uploadZone\\\":false,\\\"filter\\\":null,\\\"colorMode\\\":\\\"tint\\\",\\\"scaleMode\\\":\\\"fit\\\",\\\"resizeToW\\\":\\\"0\\\",\\\"resizeToH\\\":\\\"0\\\",\\\"advancedEditing\\\":false,\\\"uploadZoneMovable\\\":false,\\\"uploadZoneRemovable\\\":false,\\\"padding\\\":0,\\\"minScaleLimit\\\":0.01,\\\"minW\\\":100,\\\"minH\\\":100,\\\"maxW\\\":10000,\\\"maxH\\\":10000,\\\"minDPI\\\":72,\\\"maxSize\\\":10,\\\"isCustom\\\":true,\\\"isCustomImage\\\":true,\\\"_addToUZ\\\":null,\\\"_isInitial\\\":false,\\\"source\\\":\\\"https://shoposy.com/wp-content/uploads/fancy_products_uploads///2025/08/21/15343c5dbe972bebcb4375aaeae9aec2.jpg\\\",\\\"title\\\":\\\"IMG-20250816-WA0041.jpg\\\",\\\"id\\\":\\\"1755801532851\\\",\\\"selectable\\\":false,\\\"lockRotation\\\":true,\\\"hasRotatingPoint\\\":false,\\\"lockScalingX\\\":true,\\\"lockScalingY\\\":true,\\\"lockMovementX\\\":true,\\\"lockMovementY\\\":true,\\\"hasControls\\\":false,\\\"evented\\\":false,\\\"lockScalingFlip\\\":true,\\\"_printingBox\\\":{\\\"x\\\":177,\\\"y\\\":138,\\\"width\\\":243,\\\"height\\\":404}},\\\"originX\\\":\\\"center\\\",\\\"originY\\\":\\\"center\\\",\\\"padding\\\":0,\\\"patterns\\\":\\\"\\\",\\\"price\\\":0,\\\"removable\\\":true,\\\"replace\\\":\\\"\\\",\\\"replaceInAllViews\\\":false,\\\"resizable\\\":true,\\\"resizeToH\\\":\\\"0\\\",\\\"resizeToW\\\":\\\"0\\\",\\\"rotatable\\\":true,\\\"scaleMode\\\":\\\"fit\\\",\\\"scaleX\\\":0.178021978,\\\"scaleY\\\":0.178021978,\\\"shadowBlur\\\":0,\\\"shadowColor\\\":\\\"\\\",\\\"shadowOffsetX\\\":0,\\\"shadowOffsetY\\\":0,\\\"showInColorSelection\\\":false,\\\"sku\\\":\\\"\\\",\\\"top\\\":340,\\\"topped\\\":false,\\\"uniScalingUnlockable\\\":false,\\\"uploadZone\\\":false,\\\"uploadZoneMovable\\\":false,\\\"uploadZoneRemovable\\\":false,\\\"width\\\":1365,\\\"z\\\":-1,\\\"zChangeable\\\":true},\\\"type\\\":\\\"image\\\",\\\"printingBoxCoords\\\":{\\\"left\\\":-0.9999999849999881,\\\"top\\\":18.705494528000003}},{\\\"title\\\":\\\"Overlay\\\",\\\"source\\\":\\\"https://shoposy.com/wp-content/uploads/2025/08/Tshirt-Front.png\\\",\\\"parameters\\\":{\\\"_optionsSet\\\":true,\\\"advancedEditing\\\":false,\\\"angle\\\":0,\\\"autoCenter\\\":false,\\\"autoSelect\\\":false,\\\"boundingBox\\\":\\\"0\\\",\\\"boundingBoxMode\\\":\\\"none\\\",\\\"colorLink3DLayer\\\":false,\\\"colorLinkGroup\\\":false,\\\"colorMode\\\":\\\"tint\\\",\\\"colorPrices\\\":[],\\\"colors\\\":\\\"\\\",\\\"copyable\\\":false,\\\"cornerSize\\\":24,\\\"draggable\\\":false,\\\"evented\\\":false,\\\"excludeFromExport\\\":true,\\\"fill\\\":false,\\\"filter\\\":false,\\\"fixed\\\":false,\\\"flipX\\\":false,\\\"flipY\\\":false,\\\"height\\\":717,\\\"left\\\":301,\\\"lockUniScaling\\\":false,\\\"locked\\\":true,\\\"minScaleLimit\\\":0.01,\\\"objectCaching\\\":false,\\\"opacity\\\":1,\\\"originParams\\\":{\\\"objectCaching\\\":false,\\\"z\\\":1,\\\"price\\\":0,\\\"colors\\\":\\\"\\\",\\\"removable\\\":false,\\\"draggable\\\":false,\\\"rotatable\\\":false,\\\"resizable\\\":false,\\\"copyable\\\":false,\\\"zChangeable\\\":false,\\\"boundingBox\\\":\\\"0\\\",\\\"boundingBoxMode\\\":\\\"none\\\",\\\"autoCenter\\\":false,\\\"replace\\\":\\\"\\\",\\\"replaceInAllViews\\\":false,\\\"autoSelect\\\":false,\\\"topped\\\":true,\\\"colorPrices\\\":[],\\\"colorLinkGroup\\\":false,\\\"patterns\\\":\\\"\\\",\\\"sku\\\":\\\"\\\",\\\"excludeFromExport\\\":true,\\\"showInColorSelection\\\":false,\\\"locked\\\":true,\\\"uniScalingUnlockable\\\":false,\\\"fixed\\\":false,\\\"shadowColor\\\":\\\"\\\",\\\"shadowBlur\\\":0,\\\"shadowOffsetX\\\":0,\\\"shadowOffsetY\\\":0,\\\"colorLink3DLayer\\\":false,\\\"originX\\\":\\\"center\\\",\\\"originY\\\":\\\"center\\\",\\\"cornerSize\\\":24,\\\"fill\\\":false,\\\"lockUniScaling\\\":false,\\\"pattern\\\":false,\\\"top\\\":331,\\\"left\\\":301,\\\"angle\\\":0,\\\"flipX\\\":false,\\\"flipY\\\":false,\\\"opacity\\\":1,\\\"scaleX\\\":0.7669183445190156,\\\"scaleY\\\":0.7669183445190156,\\\"uploadZone\\\":false,\\\"filter\\\":false,\\\"colorMode\\\":\\\"tint\\\",\\\"scaleMode\\\":\\\"fit\\\",\\\"resizeToW\\\":\\\"0\\\",\\\"resizeToH\\\":\\\"0\\\",\\\"advancedEditing\\\":false,\\\"uploadZoneMovable\\\":false,\\\"uploadZoneRemovable\\\":false,\\\"padding\\\":0,\\\"minScaleLimit\\\":0.01,\\\"customAdds\\\":[],\\\"_isInitial\\\":true,\\\"source\\\":\\\"https://shoposy.com/wp-content/uploads/2025/08/Tshirt-Front.png\\\",\\\"title\\\":\\\"Overlay\\\",\\\"id\\\":\\\"1755801508754\\\",\\\"selectable\\\":false,\\\"lockRotation\\\":true,\\\"hasRotatingPoint\\\":false,\\\"lockScalingX\\\":true,\\\"lockScalingY\\\":true,\\\"lockMovementX\\\":true,\\\"lockMovementY\\\":true,\\\"hasControls\\\":false,\\\"evented\\\":false,\\\"lockScalingFlip\\\":true},\\\"originX\\\":\\\"center\\\",\\\"originY\\\":\\\"center\\\",\\\"padding\\\":0,\\\"patterns\\\":\\\"\\\",\\\"price\\\":0,\\\"removable\\\":false,\\\"replace\\\":\\\"\\\",\\\"replaceInAllViews\\\":false,\\\"resizable\\\":false,\\\"resizeToH\\\":\\\"0\\\",\\\"resizeToW\\\":\\\"0\\\",\\\"rotatable\\\":false,\\\"scaleMode\\\":\\\"fit\\\",\\\"scaleX\\\":0.7669183445190156,\\\"scaleY\\\":0.7669183445190156,\\\"shadowBlur\\\":0,\\\"shadowColor\\\":\\\"\\\",\\\"shadowOffsetX\\\":0,\\\"shadowOffsetY\\\":0,\\\"showInColorSelection\\\":false,\\\"sku\\\":\\\"\\\",\\\"top\\\":331,\\\"topped\\\":true,\\\"uniScalingUnlockable\\\":false,\\\"uploadZone\\\":false,\\\"uploadZoneMovable\\\":false,\\\"uploadZoneRemovable\\\":false,\\\"width\\\":624,\\\"z\\\":-1,\\\"zChangeable\\\":false},\\\"type\\\":\\\"image\\\",\\\"printingBoxCoords\\\":{\\\"left\\\":-116.27852348993287,\\\"top\\\":-82.94022651006713}}],\\\"options\\\":{\\\"stageWidth\\\":600,\\\"stageHeight\\\":660,\\\"selectedColor\\\":\\\"#f5f5f5\\\",\\\"boundingBoxColor\\\":\\\"#005ede\\\",\\\"outOfBoundaryColor\\\":\\\"#990000\\\",\\\"cornerIconColor\\\":\\\"#000000\\\",\\\"customAdds\\\":{\\\"designs\\\":true,\\\"uploads\\\":true,\\\"texts\\\":true,\\\"drawing\\\":true},\\\"elementParameters\\\":{\\\"objectCaching\\\":false,\\\"z\\\":-1,\\\"price\\\":0,\\\"colors\\\":false,\\\"removable\\\":false,\\\"draggable\\\":false,\\\"rotatable\\\":false,\\\"resizable\\\":false,\\\"copyable\\\":false,\\\"zChangeable\\\":false,\\\"boundingBox\\\":false,\\\"boundingBoxMode\\\":\\\"clipping\\\",\\\"autoCenter\\\":false,\\\"replace\\\":\\\"\\\",\\\"replaceInAllViews\\\":false,\\\"autoSelect\\\":false,\\\"topped\\\":false,\\\"colorPrices\\\":{},\\\"colorLinkGroup\\\":false,\\\"patterns\\\":[],\\\"sku\\\":\\\"\\\",\\\"excludeFromExport\\\":false,\\\"showInColorSelection\\\":false,\\\"locked\\\":false,\\\"uniScalingUnlockable\\\":false,\\\"fixed\\\":false,\\\"shadowColor\\\":\\\"\\\",\\\"shadowBlur\\\":0,\\\"shadowOffsetX\\\":0,\\\"shadowOffsetY\\\":0,\\\"colorLink3DLayer\\\":false,\\\"originX\\\":\\\"center\\\",\\\"originY\\\":\\\"center\\\",\\\"cornerSize\\\":24,\\\"fill\\\":false,\\\"lockUniScaling\\\":true,\\\"pattern\\\":false,\\\"top\\\":0,\\\"left\\\":0,\\\"angle\\\":0,\\\"flipX\\\":false,\\\"flipY\\\":false,\\\"opacity\\\":1,\\\"scaleX\\\":1,\\\"scaleY\\\":1},\\\"imageParameters\\\":{\\\"uploadZone\\\":false,\\\"filter\\\":null,\\\"colorMode\\\":\\\"tint\\\",\\\"scaleMode\\\":\\\"fit\\\",\\\"resizeToW\\\":0,\\\"resizeToH\\\":0,\\\"advancedEditing\\\":false,\\\"uploadZoneMovable\\\":false,\\\"uploadZoneRemovable\\\":false,\\\"padding\\\":0,\\\"minScaleLimit\\\":0.01,\\\"colors\\\":\\\"\\\",\\\"colorLinkGroup\\\":\\\"\\\",\\\"colorPrices\\\":[],\\\"replaceInAllViews\\\":0,\\\"patterns\\\":\\\"\\\"},\\\"textParameters\\\":{\\\"maxLength\\\":0,\\\"curved\\\":false,\\\"curvable\\\":false,\\\"curveRadius\\\":80,\\\"maxCurveRadius\\\":400,\\\"curveReverse\\\":false,\\\"maxLines\\\":0,\\\"textBox\\\":false,\\\"textPlaceholder\\\":false,\\\"numberPlaceholder\\\":false,\\\"letterSpacing\\\":0,\\\"chargeAfterEditing\\\":false,\\\"minFontSize\\\":1,\\\"textTransform\\\":\\\"none\\\",\\\"widthFontSize\\\":0,\\\"maxFontSize\\\":200,\\\"textLinkGroup\\\":\\\"\\\",\\\"strokeColors\\\":[],\\\"neonText\\\":false,\\\"editable\\\":true,\\\"fontFamily\\\":\\\"Arial\\\",\\\"fontSize\\\":18,\\\"lineHeight\\\":1,\\\"fontWeight\\\":\\\"normal\\\",\\\"fontStyle\\\":\\\"normal\\\",\\\"textDecoration\\\":\\\"normal\\\",\\\"padding\\\":10,\\\"textAlign\\\":\\\"left\\\",\\\"stroke\\\":null,\\\"strokeWidth\\\":0,\\\"charSpacing\\\":0,\\\"colorPrices\\\":[],\\\"replaceInAllViews\\\":0,\\\"patterns\\\":\\\"\\\",\\\"colors\\\":\\\"\\\",\\\"direction\\\":\\\"ltr\\\"},\\\"customImageParameters\\\":{\\\"minW\\\":100,\\\"minH\\\":100,\\\"maxW\\\":10000,\\\"maxH\\\":10000,\\\"minDPI\\\":72,\\\"maxSize\\\":10,\\\"autoCenter\\\":true,\\\"left\\\":0,\\\"top\\\":0,\\\"z\\\":-1,\\\"replaceInAllViews\\\":false,\\\"draggable\\\":true,\\\"rotatable\\\":true,\\\"resizable\\\":true,\\\"zChangeable\\\":true,\\\"autoSelect\\\":false,\\\"topped\\\":false,\\\"uniScalingUnlockable\\\":false,\\\"copyable\\\":false,\\\"boundingBoxMode\\\":\\\"clipping\\\",\\\"scaleMode\\\":\\\"fit\\\",\\\"price\\\":0,\\\"minScaleLimit\\\":0.01,\\\"removable\\\":true,\\\"resizeToW\\\":\\\"0\\\",\\\"resizeToH\\\":\\\"0\\\",\\\"advancedEditing\\\":false},\\\"customTextParameters\\\":{\\\"autoCenter\\\":true,\\\"copyable\\\":true,\\\"left\\\":0,\\\"top\\\":0,\\\"z\\\":-1,\\\"replaceInAllViews\\\":false,\\\"draggable\\\":true,\\\"rotatable\\\":true,\\\"resizable\\\":true,\\\"zChangeable\\\":true,\\\"autoSelect\\\":false,\\\"topped\\\":false,\\\"uniScalingUnlockable\\\":false,\\\"fontSize\\\":18,\\\"minFontSize\\\":1,\\\"maxFontSize\\\":1000,\\\"widthFontSize\\\":0,\\\"textAlign\\\":\\\"left\\\",\\\"maxLength\\\":0,\\\"maxLines\\\":0,\\\"curvable\\\":true,\\\"curveReverse\\\":false,\\\"curveSpacing\\\":10,\\\"curveRadius\\\":80,\\\"maxCurveRadius\\\":400,\\\"boundingBoxMode\\\":\\\"clipping\\\",\\\"price\\\":0,\\\"removable\\\":true},\\\"maxPrice\\\":-1,\\\"optionalView\\\":false,\\\"designCategories\\\":[],\\\"printingBox\\\":{\\\"left\\\":178,\\\"top\\\":139,\\\"width\\\":242,\\\"height\\\":403,\\\"visibility\\\":false},\\\"output\\\":{\\\"width\\\":240,\\\"height\\\":400},\\\"layouts\\\":[],\\\"usePrintingBoxAsBounding\\\":true,\\\"editorMode\\\":false,\\\"imageLoadTimestamp\\\":false,\\\"fitImagesInCanvas\\\":1,\\\"inCanvasTextEditing\\\":1,\\\"applyFillWhenReplacing\\\":1,\\\"disableTextEmojis\\\":0,\\\"cornerControlsStyle\\\":\\\"advanced\\\",\\\"responsive\\\":1,\\\"canvasHeight\\\":\\\"auto\\\",\\\"maxCanvasHeight\\\":0.75,\\\"boundingBoxProps\\\":{\\\"strokeWidth\\\":1},\\\"highlightEditableObjects\\\":\\\"transparent\\\",\\\"multiSelection\\\":1,\\\"multiSelectionColor\\\":\\\"#54dfe6\\\",\\\"mobileGesturesBehaviour\\\":\\\"none\\\",\\\"smartGuides\\\":0,\\\"snapGridSize\\\":[50,50],\\\"rulerUnit\\\":\\\"mm\\\",\\\"namesNumbersEntryPrice\\\":0,\\\"applySizeWhenReplacing\\\":0,\\\"rulerPosition\\\":\\\"canvas\\\",\\\"rulerFixed\\\":0,\\\"industry\\\":{\\\"type\\\":null,\\\"opts\\\":{}},\\\"innerBleed\\\":false},\\\"names_numbers\\\":null,\\\"locked\\\":false,\\\"productTitle\\\":\\\"Men Standard\\\"},{\\\"title\\\":\\\"Back\\\",\\\"thumbnail\\\":\\\"https://shoposy.com/wp-content/uploads/2025/08/preview_men_standard_back-1.png\\\",\\\"elements\\\":[{\\\"title\\\":\\\"Base\\\",\\\"source\\\":\\\"https://shoposy.com/wp-content/uploads/fpd_imports/shirts_men_standard/Tshirt2-Back-Base.svg\\\",\\\"parameters\\\":{\\\"_optionsSet\\\":true,\\\"advancedEditing\\\":false,\\\"angle\\\":0,\\\"autoCenter\\\":false,\\\"autoSelect\\\":false,\\\"boundingBox\\\":\\\"0\\\",\\\"boundingBoxMode\\\":\\\"none\\\",\\\"colorLink3DLayer\\\":false,\\\"colorLinkGroup\\\":\\\"color-shirt\\\",\\\"colorMode\\\":\\\"tint\\\",\\\"colorPrices\\\":[],\\\"colors\\\":1,\\\"copyable\\\":false,\\\"cornerSize\\\":24,\\\"draggable\\\":false,\\\"evented\\\":true,\\\"excludeFromExport\\\":false,\\\"fill\\\":\\\"#252525\\\",\\\"filter\\\":false,\\\"fixed\\\":false,\\\"flipX\\\":false,\\\"flipY\\\":false,\\\"height\\\":717.0439741367483,\\\"isEditable\\\":true,\\\"left\\\":300,\\\"lockUniScaling\\\":false,\\\"locked\\\":false,\\\"minScaleLimit\\\":0.01,\\\"objectCaching\\\":false,\\\"opacity\\\":1,\\\"originParams\\\":{\\\"objectCaching\\\":false,\\\"z\\\":0,\\\"price\\\":0,\\\"colors\\\":1,\\\"removable\\\":false,\\\"draggable\\\":false,\\\"rotatable\\\":false,\\\"resizable\\\":false,\\\"copyable\\\":false,\\\"zChangeable\\\":false,\\\"boundingBox\\\":\\\"0\\\",\\\"boundingBoxMode\\\":\\\"none\\\",\\\"autoCenter\\\":false,\\\"replace\\\":\\\"\\\",\\\"replaceInAllViews\\\":false,\\\"autoSelect\\\":false,\\\"topped\\\":false,\\\"colorPrices\\\":[],\\\"colorLinkGroup\\\":\\\"color-shirt\\\",\\\"patterns\\\":\\\"\\\",\\\"sku\\\":\\\"\\\",\\\"excludeFromExport\\\":false,\\\"showInColorSelection\\\":false,\\\"locked\\\":false,\\\"uniScalingUnlockable\\\":false,\\\"fixed\\\":false,\\\"shadowColor\\\":\\\"\\\",\\\"shadowBlur\\\":0,\\\"shadowOffsetX\\\":0,\\\"shadowOffsetY\\\":0,\\\"colorLink3DLayer\\\":false,\\\"originX\\\":\\\"center\\\",\\\"originY\\\":\\\"center\\\",\\\"cornerSize\\\":24,\\\"lockUniScaling\\\":false,\\\"pattern\\\":false,\\\"top\\\":330,\\\"left\\\":300,\\\"angle\\\":0,\\\"flipX\\\":false,\\\"flipY\\\":false,\\\"opacity\\\":1,\\\"scaleX\\\":0.7605120391495467,\\\"scaleY\\\":0.7605120391495467,\\\"uploadZone\\\":false,\\\"filter\\\":false,\\\"colorMode\\\":\\\"tint\\\",\\\"scaleMode\\\":\\\"fit\\\",\\\"resizeToW\\\":\\\"0\\\",\\\"resizeToH\\\":\\\"0\\\",\\\"advancedEditing\\\":false,\\\"uploadZoneMovable\\\":false,\\\"uploadZoneRemovable\\\":false,\\\"padding\\\":0,\\\"minScaleLimit\\\":0.01,\\\"customAdds\\\":[],\\\"_isInitial\\\":true,\\\"source\\\":\\\"https://shoposy.com/wp-content/uploads/fpd_imports/shirts_men_standard/Tshirt2-Back-Base.svg\\\",\\\"title\\\":\\\"Base\\\",\\\"id\\\":\\\"1755801508879\\\",\\\"selectable\\\":false,\\\"lockRotation\\\":true,\\\"hasRotatingPoint\\\":false,\\\"lockScalingX\\\":true,\\\"lockScalingY\\\":true,\\\"lockMovementX\\\":true,\\\"lockMovementY\\\":true,\\\"hasControls\\\":false,\\\"evented\\\":false,\\\"lockScalingFlip\\\":true},\\\"originX\\\":\\\"center\\\",\\\"originY\\\":\\\"center\\\",\\\"padding\\\":0,\\\"patterns\\\":\\\"\\\",\\\"price\\\":0,\\\"removable\\\":false,\\\"replace\\\":\\\"\\\",\\\"replaceInAllViews\\\":false,\\\"resizable\\\":false,\\\"resizeToH\\\":\\\"0\\\",\\\"resizeToW\\\":\\\"0\\\",\\\"rotatable\\\":false,\\\"scaleMode\\\":\\\"fit\\\",\\\"scaleX\\\":0.7605120391495467,\\\"scaleY\\\":0.7605120391495467,\\\"shadowBlur\\\":0,\\\"shadowColor\\\":\\\"\\\",\\\"shadowOffsetX\\\":0,\\\"shadowOffsetY\\\":0,\\\"showInColorSelection\\\":false,\\\"sku\\\":\\\"\\\",\\\"top\\\":330,\\\"topped\\\":false,\\\"uniScalingUnlockable\\\":false,\\\"uploadZone\\\":false,\\\"uploadZoneMovable\\\":false,\\\"uploadZoneRemovable\\\":false,\\\"width\\\":609.5839081120796,\\\"z\\\":-1,\\\"zChangeable\\\":false},\\\"type\\\":\\\"image\\\",\\\"printingBoxCoords\\\":{\\\"left\\\":-122.17820651510854,\\\"top\\\":-93.04054348489137}},{\\\"title\\\":\\\"Overlay\\\",\\\"source\\\":\\\"https://shoposy.com/wp-content/uploads/2025/08/Tshirt2-Back.png\\\",\\\"parameters\\\":{\\\"_optionsSet\\\":true,\\\"advancedEditing\\\":false,\\\"angle\\\":0,\\\"autoCenter\\\":false,\\\"autoSelect\\\":false,\\\"boundingBox\\\":\\\"0\\\",\\\"boundingBoxMode\\\":\\\"none\\\",\\\"colorLink3DLayer\\\":false,\\\"colorLinkGroup\\\":false,\\\"colorMode\\\":\\\"tint\\\",\\\"colorPrices\\\":[],\\\"colors\\\":\\\"\\\",\\\"copyable\\\":false,\\\"cornerSize\\\":24,\\\"draggable\\\":false,\\\"evented\\\":false,\\\"excludeFromExport\\\":true,\\\"fill\\\":false,\\\"filter\\\":false,\\\"fixed\\\":false,\\\"flipX\\\":false,\\\"flipY\\\":false,\\\"height\\\":717,\\\"left\\\":300,\\\"lockUniScaling\\\":false,\\\"locked\\\":true,\\\"minScaleLimit\\\":0.01,\\\"objectCaching\\\":false,\\\"opacity\\\":1,\\\"originParams\\\":{\\\"objectCaching\\\":false,\\\"z\\\":1,\\\"price\\\":0,\\\"colors\\\":\\\"\\\",\\\"removable\\\":false,\\\"draggable\\\":false,\\\"rotatable\\\":false,\\\"resizable\\\":false,\\\"copyable\\\":false,\\\"zChangeable\\\":false,\\\"boundingBox\\\":\\\"0\\\",\\\"boundingBoxMode\\\":\\\"none\\\",\\\"autoCenter\\\":false,\\\"replace\\\":\\\"\\\",\\\"replaceInAllViews\\\":false,\\\"autoSelect\\\":false,\\\"topped\\\":true,\\\"colorPrices\\\":[],\\\"colorLinkGroup\\\":false,\\\"patterns\\\":\\\"\\\",\\\"sku\\\":\\\"\\\",\\\"excludeFromExport\\\":true,\\\"showInColorSelection\\\":false,\\\"locked\\\":true,\\\"uniScalingUnlockable\\\":false,\\\"fixed\\\":false,\\\"shadowColor\\\":\\\"\\\",\\\"shadowBlur\\\":0,\\\"shadowOffsetX\\\":0,\\\"shadowOffsetY\\\":0,\\\"colorLink3DLayer\\\":false,\\\"originX\\\":\\\"center\\\",\\\"originY\\\":\\\"center\\\",\\\"cornerSize\\\":24,\\\"fill\\\":false,\\\"lockUniScaling\\\":false,\\\"pattern\\\":false,\\\"top\\\":330,\\\"left\\\":300,\\\"angle\\\":0,\\\"flipX\\\":false,\\\"flipY\\\":false,\\\"opacity\\\":1,\\\"scaleX\\\":0.7629521477015825,\\\"scaleY\\\":0.7629521477015825,\\\"uploadZone\\\":false,\\\"filter\\\":false,\\\"colorMode\\\":\\\"tint\\\",\\\"scaleMode\\\":\\\"fit\\\",\\\"resizeToW\\\":\\\"0\\\",\\\"resizeToH\\\":\\\"0\\\",\\\"advancedEditing\\\":false,\\\"uploadZoneMovable\\\":false,\\\"uploadZoneRemovable\\\":false,\\\"padding\\\":0,\\\"minScaleLimit\\\":0.01,\\\"customAdds\\\":[],\\\"_isInitial\\\":true,\\\"source\\\":\\\"https://shoposy.com/wp-content/uploads/2025/08/Tshirt2-Back.png\\\",\\\"title\\\":\\\"Overlay\\\",\\\"id\\\":\\\"1755801508941\\\",\\\"selectable\\\":false,\\\"lockRotation\\\":true,\\\"hasRotatingPoint\\\":false,\\\"lockScalingX\\\":true,\\\"lockScalingY\\\":true,\\\"lockMovementX\\\":true,\\\"lockMovementY\\\":true,\\\"hasControls\\\":false,\\\"evented\\\":false,\\\"lockScalingFlip\\\":true},\\\"originX\\\":\\\"center\\\",\\\"originY\\\":\\\"center\\\",\\\"padding\\\":0,\\\"patterns\\\":\\\"\\\",\\\"price\\\":0,\\\"removable\\\":false,\\\"replace\\\":\\\"\\\",\\\"replaceInAllViews\\\":false,\\\"resizable\\\":false,\\\"resizeToH\\\":\\\"0\\\",\\\"resizeToW\\\":\\\"0\\\",\\\"rotatable\\\":false,\\\"scaleMode\\\":\\\"fit\\\",\\\"scaleX\\\":0.7629521477015825,\\\"scaleY\\\":0.7629521477015825,\\\"shadowBlur\\\":0,\\\"shadowColor\\\":\\\"\\\",\\\"shadowOffsetX\\\":0,\\\"shadowOffsetY\\\":0,\\\"showInColorSelection\\\":false,\\\"sku\\\":\\\"\\\",\\\"top\\\":330,\\\"topped\\\":true,\\\"uniScalingUnlockable\\\":false,\\\"uploadZone\\\":false,\\\"uploadZoneMovable\\\":false,\\\"uploadZoneRemovable\\\":false,\\\"width\\\":610,\\\"z\\\":-1,\\\"zChangeable\\\":false},\\\"type\\\":\\\"image\\\",\\\"printingBoxCoords\\\":{\\\"left\\\":-122.70040504898265,\\\"top\\\":-93.5183449510173}}],\\\"options\\\":{\\\"stageWidth\\\":600,\\\"stageHeight\\\":660,\\\"selectedColor\\\":\\\"#f5f5f5\\\",\\\"boundingBoxColor\\\":\\\"#005ede\\\",\\\"outOfBoundaryColor\\\":\\\"#990000\\\",\\\"cornerIconColor\\\":\\\"#000000\\\",\\\"customAdds\\\":{\\\"designs\\\":true,\\\"uploads\\\":true,\\\"texts\\\":true,\\\"drawing\\\":true},\\\"elementParameters\\\":{\\\"objectCaching\\\":false,\\\"z\\\":-1,\\\"price\\\":0,\\\"colors\\\":false,\\\"removable\\\":false,\\\"draggable\\\":false,\\\"rotatable\\\":false,\\\"resizable\\\":false,\\\"copyable\\\":false,\\\"zChangeable\\\":false,\\\"boundingBox\\\":false,\\\"boundingBoxMode\\\":\\\"clipping\\\",\\\"autoCenter\\\":false,\\\"replace\\\":\\\"\\\",\\\"replaceInAllViews\\\":false,\\\"autoSelect\\\":false,\\\"topped\\\":false,\\\"colorPrices\\\":{},\\\"colorLinkGroup\\\":false,\\\"patterns\\\":[],\\\"sku\\\":\\\"\\\",\\\"excludeFromExport\\\":false,\\\"showInColorSelection\\\":false,\\\"locked\\\":false,\\\"uniScalingUnlockable\\\":false,\\\"fixed\\\":false,\\\"shadowColor\\\":\\\"\\\",\\\"shadowBlur\\\":0,\\\"shadowOffsetX\\\":0,\\\"shadowOffsetY\\\":0,\\\"colorLink3DLayer\\\":false,\\\"originX\\\":\\\"center\\\",\\\"originY\\\":\\\"center\\\",\\\"cornerSize\\\":24,\\\"fill\\\":false,\\\"lockUniScaling\\\":true,\\\"pattern\\\":false,\\\"top\\\":0,\\\"left\\\":0,\\\"angle\\\":0,\\\"flipX\\\":false,\\\"flipY\\\":false,\\\"opacity\\\":1,\\\"scaleX\\\":1,\\\"scaleY\\\":1},\\\"imageParameters\\\":{\\\"uploadZone\\\":false,\\\"filter\\\":null,\\\"colorMode\\\":\\\"tint\\\",\\\"scaleMode\\\":\\\"fit\\\",\\\"resizeToW\\\":0,\\\"resizeToH\\\":0,\\\"advancedEditing\\\":false,\\\"uploadZoneMovable\\\":false,\\\"uploadZoneRemovable\\\":false,\\\"padding\\\":0,\\\"minScaleLimit\\\":0.01,\\\"colors\\\":\\\"\\\",\\\"colorLinkGroup\\\":\\\"\\\",\\\"colorPrices\\\":[],\\\"replaceInAllViews\\\":0,\\\"patterns\\\":\\\"\\\"},\\\"textParameters\\\":{\\\"maxLength\\\":0,\\\"curved\\\":false,\\\"curvable\\\":false,\\\"curveRadius\\\":80,\\\"maxCurveRadius\\\":400,\\\"curveReverse\\\":false,\\\"maxLines\\\":0,\\\"textBox\\\":false,\\\"textPlaceholder\\\":false,\\\"numberPlaceholder\\\":false,\\\"letterSpacing\\\":0,\\\"chargeAfterEditing\\\":false,\\\"minFontSize\\\":1,\\\"textTransform\\\":\\\"none\\\",\\\"widthFontSize\\\":0,\\\"maxFontSize\\\":200,\\\"textLinkGroup\\\":\\\"\\\",\\\"strokeColors\\\":[],\\\"neonText\\\":false,\\\"editable\\\":true,\\\"fontFamily\\\":\\\"Arial\\\",\\\"fontSize\\\":18,\\\"lineHeight\\\":1,\\\"fontWeight\\\":\\\"normal\\\",\\\"fontStyle\\\":\\\"normal\\\",\\\"textDecoration\\\":\\\"normal\\\",\\\"padding\\\":10,\\\"textAlign\\\":\\\"left\\\",\\\"stroke\\\":null,\\\"strokeWidth\\\":0,\\\"charSpacing\\\":0,\\\"colorPrices\\\":[],\\\"replaceInAllViews\\\":0,\\\"patterns\\\":\\\"\\\",\\\"colors\\\":\\\"\\\",\\\"direction\\\":\\\"ltr\\\"},\\\"customImageParameters\\\":{\\\"minW\\\":100,\\\"minH\\\":100,\\\"maxW\\\":10000,\\\"maxH\\\":10000,\\\"minDPI\\\":72,\\\"maxSize\\\":10,\\\"autoCenter\\\":true,\\\"left\\\":0,\\\"top\\\":0,\\\"z\\\":-1,\\\"replaceInAllViews\\\":false,\\\"draggable\\\":true,\\\"rotatable\\\":true,\\\"resizable\\\":true,\\\"zChangeable\\\":true,\\\"autoSelect\\\":false,\\\"topped\\\":false,\\\"uniScalingUnlockable\\\":false,\\\"copyable\\\":false,\\\"boundingBoxMode\\\":\\\"clipping\\\",\\\"scaleMode\\\":\\\"fit\\\",\\\"price\\\":0,\\\"minScaleLimit\\\":0.01,\\\"removable\\\":true,\\\"resizeToW\\\":\\\"0\\\",\\\"resizeToH\\\":\\\"0\\\",\\\"advancedEditing\\\":false},\\\"customTextParameters\\\":{\\\"autoCenter\\\":true,\\\"copyable\\\":true,\\\"left\\\":0,\\\"top\\\":0,\\\"z\\\":-1,\\\"replaceInAllViews\\\":false,\\\"draggable\\\":true,\\\"rotatable\\\":true,\\\"resizable\\\":true,\\\"zChangeable\\\":true,\\\"autoSelect\\\":false,\\\"topped\\\":false,\\\"uniScalingUnlockable\\\":false,\\\"fontSize\\\":18,\\\"minFontSize\\\":1,\\\"maxFontSize\\\":1000,\\\"widthFontSize\\\":0,\\\"textAlign\\\":\\\"left\\\",\\\"maxLength\\\":0,\\\"maxLines\\\":0,\\\"curvable\\\":true,\\\"curveReverse\\\":false,\\\"curveSpacing\\\":10,\\\"curveRadius\\\":80,\\\"maxCurveRadius\\\":400,\\\"boundingBoxMode\\\":\\\"clipping\\\",\\\"price\\\":0,\\\"removable\\\":true},\\\"maxPrice\\\":-1,\\\"optionalView\\\":false,\\\"designCategories\\\":[],\\\"printingBox\\\":{\\\"left\\\":190,\\\"top\\\":150,\\\"width\\\":224,\\\"height\\\":374,\\\"visibility\\\":false},\\\"output\\\":{\\\"width\\\":240,\\\"height\\\":400},\\\"layouts\\\":[],\\\"usePrintingBoxAsBounding\\\":true,\\\"editorMode\\\":false,\\\"imageLoadTimestamp\\\":false,\\\"fitImagesInCanvas\\\":1,\\\"inCanvasTextEditing\\\":1,\\\"applyFillWhenReplacing\\\":1,\\\"disableTextEmojis\\\":0,\\\"cornerControlsStyle\\\":\\\"advanced\\\",\\\"responsive\\\":1,\\\"canvasHeight\\\":\\\"auto\\\",\\\"maxCanvasHeight\\\":0.75,\\\"boundingBoxProps\\\":{\\\"strokeWidth\\\":1},\\\"highlightEditableObjects\\\":\\\"\\\",\\\"multiSelection\\\":1,\\\"multiSelectionColor\\\":\\\"#54dfe6\\\",\\\"mobileGesturesBehaviour\\\":\\\"none\\\",\\\"smartGuides\\\":0,\\\"snapGridSize\\\":[50,50],\\\"rulerUnit\\\":\\\"mm\\\",\\\"namesNumbersEntryPrice\\\":0,\\\"applySizeWhenReplacing\\\":0,\\\"rulerPosition\\\":\\\"canvas\\\",\\\"rulerFixed\\\":0,\\\"industry\\\":{\\\"type\\\":null,\\\"opts\\\":{}},\\\"innerBleed\\\":false},\\\"names_numbers\\\":null,\\\"locked\\\":false}],\\\"usedFonts\\\":[],\\\"usedColors\\\":[{\\\"hex\\\":\\\"#252525\\\"}]}'),(213,21,'_fpd_print_order','{\\\"used_fonts\\\":[],\\\"svg_data\\\":[],\\\"custom_images\\\":[\\\"https://shoposy.com/wp-content/uploads/fancy_products_uploads///2025/08/21/15343c5dbe972bebcb4375aaeae9aec2.jpg\\\"]}'),(214,22,'method_id','flat_rate'),(215,22,'instance_id','2'),(216,22,'cost','2.99'),(217,22,'total_tax','0'),(218,22,'taxes','a:1:{s:5:\"total\";a:0:{}}'),(219,22,'Items','Classic T-Shirt - Black, L &times; 1'),(220,23,'_product_id','98'),(221,23,'_variation_id','99'),(222,23,'_qty','1'),(223,23,'_tax_class',''),(224,23,'_line_subtotal','15'),(225,23,'_line_subtotal_tax','0'),(226,23,'_line_total','15'),(227,23,'_line_tax','0'),(228,23,'_line_tax_data','a:2:{s:5:\"total\";a:0:{}s:8:\"subtotal\";a:0:{}}'),(229,23,'pa_color','black'),(230,23,'pa_size','l'),(231,24,'method_id','flat_rate'),(232,24,'instance_id','2'),(233,24,'cost','2.99'),(234,24,'total_tax','0'),(235,24,'taxes','a:1:{s:5:\"total\";a:0:{}}'),(236,24,'Items','Classic T-Shirt - Black, L &times; 1'),(237,25,'_product_id','0'),(238,25,'_variation_id','0'),(239,25,'_qty','2'),(240,25,'_tax_class',''),(241,25,'_line_subtotal','50'),(242,25,'_line_subtotal_tax','0'),(243,25,'_line_total','50'),(244,25,'_line_tax','0'),(245,25,'_line_tax_data','a:2:{s:8:\"subtotal\";a:0:{}s:5:\"total\";a:0:{}}'),(246,26,'_product_id','0'),(247,26,'_variation_id','0'),(248,26,'_qty','1'),(249,26,'_tax_class',''),(250,26,'_line_subtotal','20'),(251,26,'_line_subtotal_tax','0'),(252,26,'_line_total','20'),(253,26,'_line_tax','0'),(254,26,'_line_tax_data','a:2:{s:8:\"subtotal\";a:0:{}s:5:\"total\";a:0:{}}'),(255,26,'Colour','Red'),(256,26,'Size','Small'),(257,27,'_product_id','0'),(258,27,'_variation_id','0'),(259,27,'_qty','2'),(260,27,'_tax_class',''),(261,27,'_line_subtotal','50'),(262,27,'_line_subtotal_tax','0'),(263,27,'_line_total','50'),(264,27,'_line_tax','0'),(265,27,'_line_tax_data','a:2:{s:8:\"subtotal\";a:0:{}s:5:\"total\";a:0:{}}'),(266,28,'_product_id','0'),(267,28,'_variation_id','0'),(268,28,'_qty','1'),(269,28,'_tax_class',''),(270,28,'_line_subtotal','20'),(271,28,'_line_subtotal_tax','0'),(272,28,'_line_total','20'),(273,28,'_line_tax','0'),(274,28,'_line_tax_data','a:2:{s:8:\"subtotal\";a:0:{}s:5:\"total\";a:0:{}}'),(275,28,'Colour','Red'),(276,28,'Size','Small'),(277,29,'_product_id','0'),(278,29,'_variation_id','0'),(279,29,'_qty','2'),(280,29,'_tax_class',''),(281,29,'_line_subtotal','50'),(282,29,'_line_subtotal_tax','0'),(283,29,'_line_total','50'),(284,29,'_line_tax','0'),(285,29,'_line_tax_data','a:2:{s:8:\"subtotal\";a:0:{}s:5:\"total\";a:0:{}}'),(286,30,'_product_id','0'),(287,30,'_variation_id','0'),(288,30,'_qty','1'),(289,30,'_tax_class',''),(290,30,'_line_subtotal','20'),(291,30,'_line_subtotal_tax','0'),(292,30,'_line_total','20'),(293,30,'_line_tax','0'),(294,30,'_line_tax_data','a:2:{s:8:\"subtotal\";a:0:{}s:5:\"total\";a:0:{}}'),(295,30,'Colour','Red'),(296,30,'Size','Small'),(297,31,'_product_id','0'),(298,31,'_variation_id','0'),(299,31,'_qty','2'),(300,31,'_tax_class',''),(301,31,'_line_subtotal','50'),(302,31,'_line_subtotal_tax','0'),(303,31,'_line_total','50'),(304,31,'_line_tax','0'),(305,31,'_line_tax_data','a:2:{s:8:\"subtotal\";a:0:{}s:5:\"total\";a:0:{}}'),(306,32,'_product_id','0'),(307,32,'_variation_id','0'),(308,32,'_qty','1'),(309,32,'_tax_class',''),(310,32,'_line_subtotal','20'),(311,32,'_line_subtotal_tax','0'),(312,32,'_line_total','20'),(313,32,'_line_tax','0'),(314,32,'_line_tax_data','a:2:{s:8:\"subtotal\";a:0:{}s:5:\"total\";a:0:{}}'),(315,32,'Colour','Red'),(316,32,'Size','Small'),(317,33,'_product_id','1081'),(318,33,'_variation_id','1253'),(319,33,'_qty','1'),(320,33,'_tax_class',''),(321,33,'_line_subtotal','16.99'),(322,33,'_line_subtotal_tax','0'),(323,33,'_line_total','16.99'),(324,33,'_line_tax','0'),(325,33,'_line_tax_data','a:2:{s:5:\"total\";a:0:{}s:8:\"subtotal\";a:0:{}}'),(326,33,'colour','Light Pink'),(327,33,'size','Large'),(328,34,'method_id','flat_rate'),(329,34,'instance_id','2'),(330,34,'cost','2.99'),(331,34,'total_tax','0'),(332,34,'taxes','a:1:{s:5:\"total\";a:0:{}}'),(333,34,'Items','Gildan SoftStyle® Ringspun T-Shirt NEW - Light Pink, Large &times; 1'),(334,35,'_product_id','1081'),(335,35,'_variation_id','1397'),(336,35,'_qty','1'),(337,35,'_tax_class',''),(338,35,'_line_subtotal','16.99'),(339,35,'_line_subtotal_tax','0'),(340,35,'_line_total','16.99'),(341,35,'_line_tax','0'),(342,35,'_line_tax_data','a:2:{s:5:\"total\";a:0:{}s:8:\"subtotal\";a:0:{}}'),(343,35,'colour','White'),(344,35,'size','Large'),(345,36,'method_id','flat_rate'),(346,36,'instance_id','2'),(347,36,'cost','2.99'),(348,36,'total_tax','0'),(349,36,'taxes','a:1:{s:5:\"total\";a:0:{}}'),(350,36,'Items','Gildan SoftStyle® Ringspun T-Shirt NEW - White, Large &times; 1'),(351,37,'_product_id','1457'),(352,37,'_variation_id','1490'),(353,37,'_qty','1'),(354,37,'_tax_class',''),(355,37,'_line_subtotal','18.89'),(356,37,'_line_subtotal_tax','0'),(357,37,'_line_total','18.89'),(358,37,'_line_tax','0'),(359,37,'_line_tax_data','a:2:{s:5:\"total\";a:0:{}s:8:\"subtotal\";a:0:{}}'),(360,37,'colour','Burgundy'),(361,37,'size','Medium'),(362,38,'method_id','flat_rate'),(363,38,'instance_id','2'),(364,38,'cost','2.99'),(365,38,'total_tax','0'),(366,38,'taxes','a:1:{s:5:\"total\";a:0:{}}'),(367,38,'Items','Stanley/Stella Stella Muser 2 - Burgundy, Medium &times; 1'),(385,41,'_product_id','3218'),(386,41,'_variation_id','3260'),(387,41,'_qty','1'),(388,41,'_tax_class',''),(389,41,'_line_subtotal','14.69'),(390,41,'_line_subtotal_tax','0'),(391,41,'_line_total','14.69'),(392,41,'_line_tax','0'),(393,41,'_line_tax_data','a:2:{s:5:\"total\";a:0:{}s:8:\"subtotal\";a:0:{}}'),(394,41,'colour','Lightning Green'),(395,41,'size','3-4 years'),(396,42,'method_id','flat_rate'),(397,42,'instance_id','2'),(398,42,'cost','2.99'),(399,42,'total_tax','0'),(400,42,'taxes','a:1:{s:5:\"total\";a:0:{}}'),(401,42,'Items','Kids TriDri Performance T-Shirt - Lightning Green, 3-4 years &times; 1'),(402,43,'_product_id','0'),(403,43,'_variation_id','0'),(404,43,'_qty','2'),(405,43,'_tax_class',''),(406,43,'_line_subtotal','50'),(407,43,'_line_subtotal_tax','0'),(408,43,'_line_total','50'),(409,43,'_line_tax','0'),(410,43,'_line_tax_data','a:2:{s:8:\"subtotal\";a:0:{}s:5:\"total\";a:0:{}}'),(411,44,'_product_id','0'),(412,44,'_variation_id','0'),(413,44,'_qty','1'),(414,44,'_tax_class',''),(415,44,'_line_subtotal','20'),(416,44,'_line_subtotal_tax','0'),(417,44,'_line_total','20'),(418,44,'_line_tax','0'),(419,44,'_line_tax_data','a:2:{s:8:\"subtotal\";a:0:{}s:5:\"total\";a:0:{}}'),(420,44,'Colour','Red'),(421,44,'Size','Small'),(422,45,'_product_id','0'),(423,45,'_variation_id','0'),(424,45,'_qty','2'),(425,45,'_tax_class',''),(426,45,'_line_subtotal','50'),(427,45,'_line_subtotal_tax','0'),(428,45,'_line_total','50'),(429,45,'_line_tax','0'),(430,45,'_line_tax_data','a:2:{s:8:\"subtotal\";a:0:{}s:5:\"total\";a:0:{}}'),(431,46,'_product_id','0'),(432,46,'_variation_id','0'),(433,46,'_qty','1'),(434,46,'_tax_class',''),(435,46,'_line_subtotal','20'),(436,46,'_line_subtotal_tax','0'),(437,46,'_line_total','20'),(438,46,'_line_tax','0'),(439,46,'_line_tax_data','a:2:{s:8:\"subtotal\";a:0:{}s:5:\"total\";a:0:{}}'),(440,46,'Colour','Red'),(441,46,'Size','Small'),(442,47,'_product_id','0'),(443,47,'_variation_id','0'),(444,47,'_qty','2'),(445,47,'_tax_class',''),(446,47,'_line_subtotal','50'),(447,47,'_line_subtotal_tax','0'),(448,47,'_line_total','50'),(449,47,'_line_tax','0'),(450,47,'_line_tax_data','a:2:{s:8:\"subtotal\";a:0:{}s:5:\"total\";a:0:{}}'),(451,48,'_product_id','0'),(452,48,'_variation_id','0'),(453,48,'_qty','1'),(454,48,'_tax_class',''),(455,48,'_line_subtotal','20'),(456,48,'_line_subtotal_tax','0'),(457,48,'_line_total','20'),(458,48,'_line_tax','0'),(459,48,'_line_tax_data','a:2:{s:8:\"subtotal\";a:0:{}s:5:\"total\";a:0:{}}'),(460,48,'Colour','Red'),(461,48,'Size','Small'),(462,49,'_product_id','0'),(463,49,'_variation_id','0'),(464,49,'_qty','2'),(465,49,'_tax_class',''),(466,49,'_line_subtotal','50'),(467,49,'_line_subtotal_tax','0'),(468,49,'_line_total','50'),(469,49,'_line_tax','0'),(470,49,'_line_tax_data','a:2:{s:8:\"subtotal\";a:0:{}s:5:\"total\";a:0:{}}'),(471,50,'_product_id','0'),(472,50,'_variation_id','0'),(473,50,'_qty','1'),(474,50,'_tax_class',''),(475,50,'_line_subtotal','20'),(476,50,'_line_subtotal_tax','0'),(477,50,'_line_total','20'),(478,50,'_line_tax','0'),(479,50,'_line_tax_data','a:2:{s:8:\"subtotal\";a:0:{}s:5:\"total\";a:0:{}}'),(480,50,'Colour','Red'),(481,50,'Size','Small'),(482,51,'_product_id','0'),(483,51,'_variation_id','0'),(484,51,'_qty','2'),(485,51,'_tax_class',''),(486,51,'_line_subtotal','50'),(487,51,'_line_subtotal_tax','0'),(488,51,'_line_total','50'),(489,51,'_line_tax','0'),(490,51,'_line_tax_data','a:2:{s:8:\"subtotal\";a:0:{}s:5:\"total\";a:0:{}}'),(491,52,'_product_id','0'),(492,52,'_variation_id','0'),(493,52,'_qty','1'),(494,52,'_tax_class',''),(495,52,'_line_subtotal','20'),(496,52,'_line_subtotal_tax','0'),(497,52,'_line_total','20'),(498,52,'_line_tax','0'),(499,52,'_line_tax_data','a:2:{s:8:\"subtotal\";a:0:{}s:5:\"total\";a:0:{}}'),(500,52,'Colour','Red'),(501,52,'Size','Small'),(502,53,'_product_id','0'),(503,53,'_variation_id','0'),(504,53,'_qty','2'),(505,53,'_tax_class',''),(506,53,'_line_subtotal','50'),(507,53,'_line_subtotal_tax','0'),(508,53,'_line_total','50'),(509,53,'_line_tax','0'),(510,53,'_line_tax_data','a:2:{s:8:\"subtotal\";a:0:{}s:5:\"total\";a:0:{}}'),(511,54,'_product_id','0'),(512,54,'_variation_id','0'),(513,54,'_qty','1'),(514,54,'_tax_class',''),(515,54,'_line_subtotal','20'),(516,54,'_line_subtotal_tax','0'),(517,54,'_line_total','20'),(518,54,'_line_tax','0'),(519,54,'_line_tax_data','a:2:{s:8:\"subtotal\";a:0:{}s:5:\"total\";a:0:{}}'),(520,54,'Colour','Red'),(521,54,'Size','Small'),(522,55,'_product_id','0'),(523,55,'_variation_id','0'),(524,55,'_qty','2'),(525,55,'_tax_class',''),(526,55,'_line_subtotal','50'),(527,55,'_line_subtotal_tax','0'),(528,55,'_line_total','50'),(529,55,'_line_tax','0'),(530,55,'_line_tax_data','a:2:{s:8:\"subtotal\";a:0:{}s:5:\"total\";a:0:{}}'),(531,56,'_product_id','0'),(532,56,'_variation_id','0'),(533,56,'_qty','1'),(534,56,'_tax_class',''),(535,56,'_line_subtotal','20'),(536,56,'_line_subtotal_tax','0'),(537,56,'_line_total','20'),(538,56,'_line_tax','0'),(539,56,'_line_tax_data','a:2:{s:8:\"subtotal\";a:0:{}s:5:\"total\";a:0:{}}'),(540,56,'Colour','Red'),(541,56,'Size','Small'),(542,57,'_product_id','0'),(543,57,'_variation_id','0'),(544,57,'_qty','2'),(545,57,'_tax_class',''),(546,57,'_line_subtotal','50'),(547,57,'_line_subtotal_tax','0'),(548,57,'_line_total','50'),(549,57,'_line_tax','0'),(550,57,'_line_tax_data','a:2:{s:8:\"subtotal\";a:0:{}s:5:\"total\";a:0:{}}'),(551,58,'_product_id','0'),(552,58,'_variation_id','0'),(553,58,'_qty','1'),(554,58,'_tax_class',''),(555,58,'_line_subtotal','20'),(556,58,'_line_subtotal_tax','0'),(557,58,'_line_total','20'),(558,58,'_line_tax','0'),(559,58,'_line_tax_data','a:2:{s:8:\"subtotal\";a:0:{}s:5:\"total\";a:0:{}}'),(560,58,'Colour','Red'),(561,58,'Size','Small');

--
-- Table structure for table `kNnkE8EUi_woocommerce_order_items`
--

CREATE TABLE `kNnkE8EUi_woocommerce_order_items` (
  `order_item_id` bigint unsigned NOT NULL AUTO_INCREMENT,
  `order_item_name` text COLLATE utf8mb4_unicode_520_ci NOT NULL,
  `order_item_type` varchar(200) COLLATE utf8mb4_unicode_520_ci NOT NULL DEFAULT '',
  `order_id` bigint unsigned NOT NULL,
  PRIMARY KEY (`order_item_id`),
  KEY `order_id` (`order_id`)
) ENGINE=InnoDB AUTO_INCREMENT=59 DEFAULT CHARSET=utf8mb4 COLLATE=utf8mb4_unicode_520_ci;

--
-- Dumping data for table `kNnkE8EUi_woocommerce_order_items`
--

INSERT INTO `kNnkE8EUi_woocommerce_order_items` VALUES (21,'Classic T-Shirt - Black, L','line_item',1048),(22,'Standard delivery','shipping',1048),(23,'Classic T-Shirt - Black, L','line_item',1050),(24,'Standard delivery','shipping',1050),(25,'Dummy Product','line_item',0),(26,'Dummy Product Variation','line_item',0),(27,'Dummy Product','line_item',0),(28,'Dummy Product Variation','line_item',0),(29,'Dummy Product','line_item',0),(30,'Dummy Product Variation','line_item',0),(31,'Dummy Product','line_item',0),(32,'Dummy Product Variation','line_item',0),(33,'Gildan SoftStyle® Ringspun T-Shirt NEW - Light Pink, Large','line_item',1417),(34,'Standard delivery','shipping',1417),(35,'Gildan SoftStyle® Ringspun T-Shirt NEW - White, Large','line_item',1434),(36,'Standard delivery','shipping',1434),(37,'Stanley/Stella Stella Muser 2 - Burgundy, Medium','line_item',1666),(38,'Standard delivery','shipping',1666),(41,'Kids TriDri Performance T-Shirt - Lightning Green, 3-4 years','line_item',3416),(42,'Standard delivery','shipping',3416),(43,'Dummy Product','line_item',0),(44,'Dummy Product Variation','line_item',0),(45,'Dummy Product','line_item',0),(46,'Dummy Product Variation','line_item',0),(47,'Dummy Product','line_item',0),(48,'Dummy Product Variation','line_item',0),(49,'Dummy Product','line_item',0),(50,'Dummy Product Variation','line_item',0),(51,'Dummy Product','line_item',0),(52,'Dummy Product Variation','line_item',0),(53,'Dummy Product','line_item',0),(54,'Dummy Product Variation','line_item',0),(55,'Dummy Product','line_item',0),(56,'Dummy Product Variation','line_item',0),(57,'Dummy Product','line_item',0),(58,'Dummy Product Variation','line_item',0);

--
-- Table structure for table `kNnkE8EUi_woocommerce_payment_tokenmeta`
--

CREATE TABLE `kNnkE8EUi_woocommerce_payment_tokenmeta` (
  `meta_id` bigint unsigned NOT NULL AUTO_INCREMENT,
  `payment_token_id` bigint unsigned NOT NULL,
  `meta_key` varchar(255) COLLATE utf8mb4_unicode_520_ci DEFAULT NULL,
  `meta_value` longtext COLLATE utf8mb4_unicode_520_ci,
  PRIMARY KEY (`meta_id`),
  KEY `payment_token_id` (`payment_token_id`),
  KEY `meta_key` (`meta_key`(32))
) ENGINE=InnoDB DEFAULT CHARSET=utf8mb4 COLLATE=utf8mb4_unicode_520_ci;

--
-- Dumping data for table `kNnkE8EUi_woocommerce_payment_tokenmeta`
--


--
-- Table structure for table `kNnkE8EUi_woocommerce_payment_tokens`
--

CREATE TABLE `kNnkE8EUi_woocommerce_payment_tokens` (
  `token_id` bigint unsigned NOT NULL AUTO_INCREMENT,
  `gateway_id` varchar(200) COLLATE utf8mb4_unicode_520_ci NOT NULL,
  `token` text COLLATE utf8mb4_unicode_520_ci NOT NULL,
  `user_id` bigint unsigned NOT NULL DEFAULT '0',
  `type` varchar(200) COLLATE utf8mb4_unicode_520_ci NOT NULL,
  `is_default` tinyint(1) NOT NULL DEFAULT '0',
  PRIMARY KEY (`token_id`),
  KEY `user_id` (`user_id`)
) ENGINE=InnoDB DEFAULT CHARSET=utf8mb4 COLLATE=utf8mb4_unicode_520_ci;

--
-- Dumping data for table `kNnkE8EUi_woocommerce_payment_tokens`
--


--
-- Table structure for table `kNnkE8EUi_woocommerce_sessions`
--

CREATE TABLE `kNnkE8EUi_woocommerce_sessions` (
  `session_id` bigint unsigned NOT NULL AUTO_INCREMENT,
  `session_key` char(32) COLLATE utf8mb4_unicode_520_ci NOT NULL,
  `session_value` longtext COLLATE utf8mb4_unicode_520_ci NOT NULL,
  `session_expiry` bigint unsigned NOT NULL,
  PRIMARY KEY (`session_id`),
  UNIQUE KEY `session_key` (`session_key`)
) ENGINE=InnoDB AUTO_INCREMENT=729 DEFAULT CHARSET=utf8mb4 COLLATE=utf8mb4_unicode_520_ci;

--
-- Dumping data for table `kNnkE8EUi_woocommerce_sessions`
--

INSERT INTO `kNnkE8EUi_woocommerce_sessions` VALUES (218,'1','a:1:{s:8:\"customer\";s:972:\"a:28:{s:2:\"id\";s:1:\"1\";s:13:\"date_modified\";s:25:\"2025-09-11T16:01:02+00:00\";s:10:\"first_name\";s:9:\"Jeyaruban\";s:9:\"last_name\";s:14:\"Ganeshalingham\";s:7:\"company\";s:0:\"\";s:5:\"phone\";s:13:\"+447977706618\";s:5:\"email\";s:17:\"admin@shoposy.com\";s:7:\"address\";s:20:\"48-49 Alexandra Road\";s:9:\"address_1\";s:20:\"48-49 Alexandra Road\";s:9:\"address_2\";s:0:\"\";s:4:\"city\";s:9:\"Llandudno\";s:5:\"state\";s:5:\"Conwy\";s:8:\"postcode\";s:8:\"LL30 2DQ\";s:7:\"country\";s:2:\"GB\";s:19:\"shipping_first_name\";s:9:\"Jeyaruban\";s:18:\"shipping_last_name\";s:14:\"Ganeshalingham\";s:16:\"shipping_company\";s:0:\"\";s:14:\"shipping_phone\";s:0:\"\";s:16:\"shipping_address\";s:20:\"48-49 Alexandra Road\";s:18:\"shipping_address_1\";s:20:\"48-49 Alexandra Road\";s:18:\"shipping_address_2\";s:0:\"\";s:13:\"shipping_city\";s:9:\"Llandudno\";s:14:\"shipping_state\";s:5:\"Conwy\";s:17:\"shipping_postcode\";s:8:\"LL30 2DQ\";s:16:\"shipping_country\";s:2:\"GB\";s:13:\"is_vat_exempt\";s:0:\"\";s:19:\"calculated_shipping\";s:0:\"\";s:9:\"meta_data\";a:0:{}}\";}',1758211265),(671,'t_8ec778eb8de6de9495fe9fd7b71053','a:7:{s:8:\"customer\";s:738:\"a:28:{s:2:\"id\";s:1:\"0\";s:13:\"date_modified\";s:0:\"\";s:10:\"first_name\";s:0:\"\";s:9:\"last_name\";s:0:\"\";s:7:\"company\";s:0:\"\";s:5:\"phone\";s:0:\"\";s:5:\"email\";s:0:\"\";s:7:\"address\";s:0:\"\";s:9:\"address_1\";s:0:\"\";s:9:\"address_2\";s:0:\"\";s:4:\"city\";s:0:\"\";s:5:\"state\";s:0:\"\";s:8:\"postcode\";s:0:\"\";s:7:\"country\";s:2:\"GB\";s:19:\"shipping_first_name\";s:0:\"\";s:18:\"shipping_last_name\";s:0:\"\";s:16:\"shipping_company\";s:0:\"\";s:14:\"shipping_phone\";s:0:\"\";s:16:\"shipping_address\";s:0:\"\";s:18:\"shipping_address_1\";s:0:\"\";s:18:\"shipping_address_2\";s:0:\"\";s:13:\"shipping_city\";s:0:\"\";s:14:\"shipping_state\";s:0:\"\";s:17:\"shipping_postcode\";s:0:\"\";s:16:\"shipping_country\";s:2:\"GB\";s:13:\"is_vat_exempt\";s:0:\"\";s:19:\"calculated_shipping\";s:0:\"\";s:9:\"meta_data\";a:0:{}}\";s:22:\"shipping_for_package_0\";s:943:\"a:2:{s:12:\"package_hash\";s:40:\"wc_ship_cdb2ad0e256dd308745e0cfe6e4e2d77\";s:5:\"rates\";a:2:{s:15:\"free_shipping:1\";O:16:\"WC_Shipping_Rate\":2:{s:7:\"\0*\0data\";a:9:{s:2:\"id\";s:15:\"free_shipping:1\";s:9:\"method_id\";s:13:\"free_shipping\";s:11:\"instance_id\";i:1;s:5:\"label\";s:13:\"Free shipping\";s:4:\"cost\";s:1:\"0\";s:5:\"taxes\";a:0:{}s:10:\"tax_status\";s:7:\"taxable\";s:11:\"description\";s:0:\"\";s:13:\"delivery_time\";s:0:\"\";}s:12:\"\0*\0meta_data\";a:1:{s:5:\"Items\";s:65:\"Bella + Canvas Unisex Crew Neck T-Shirt - Orange, Large &times; 2\";}}s:11:\"flat_rate:2\";O:16:\"WC_Shipping_Rate\":2:{s:7:\"\0*\0data\";a:9:{s:2:\"id\";s:11:\"flat_rate:2\";s:9:\"method_id\";s:9:\"flat_rate\";s:11:\"instance_id\";i:2;s:5:\"label\";s:17:\"Standard delivery\";s:4:\"cost\";s:4:\"2.99\";s:5:\"taxes\";a:0:{}s:10:\"tax_status\";s:4:\"none\";s:11:\"description\";s:0:\"\";s:13:\"delivery_time\";s:0:\"\";}s:12:\"\0*\0meta_data\";a:1:{s:5:\"Items\";s:65:\"Bella + Canvas Unisex Crew Neck T-Shirt - Orange, Large &times; 2\";}}}}\";s:25:\"previous_shipping_methods\";s:66:\"a:1:{i:0;a:2:{i:0;s:15:\"free_shipping:1\";i:1;s:11:\"flat_rate:2\";}}\";s:23:\"chosen_shipping_methods\";s:33:\"a:1:{i:0;s:15:\"free_shipping:1\";}\";s:22:\"shipping_method_counts\";s:14:\"a:1:{i:0;i:2;}\";s:9:\"ppcp_fees\";s:6:\"a:0:{}\";s:21:\"chosen_payment_method\";s:24:\"ppcp-credit-card-gateway\";}',1757658235),(687,'t_1cb3994f4caec5b883652a02f34aaf','a:1:{s:8:\"customer\";s:738:\"a:28:{s:2:\"id\";s:1:\"0\";s:13:\"date_modified\";s:0:\"\";s:10:\"first_name\";s:0:\"\";s:9:\"last_name\";s:0:\"\";s:7:\"company\";s:0:\"\";s:5:\"phone\";s:0:\"\";s:5:\"email\";s:0:\"\";s:7:\"address\";s:0:\"\";s:9:\"address_1\";s:0:\"\";s:9:\"address_2\";s:0:\"\";s:4:\"city\";s:0:\"\";s:5:\"state\";s:0:\"\";s:8:\"postcode\";s:0:\"\";s:7:\"country\";s:2:\"GB\";s:19:\"shipping_first_name\";s:0:\"\";s:18:\"shipping_last_name\";s:0:\"\";s:16:\"shipping_company\";s:0:\"\";s:14:\"shipping_phone\";s:0:\"\";s:16:\"shipping_address\";s:0:\"\";s:18:\"shipping_address_1\";s:0:\"\";s:18:\"shipping_address_2\";s:0:\"\";s:13:\"shipping_city\";s:0:\"\";s:14:\"shipping_state\";s:0:\"\";s:17:\"shipping_postcode\";s:0:\"\";s:16:\"shipping_country\";s:2:\"GB\";s:13:\"is_vat_exempt\";s:0:\"\";s:19:\"calculated_shipping\";s:0:\"\";s:9:\"meta_data\";a:0:{}}\";}',1757611478),(688,'t_60ae3f1ad24b2b185da70338d557a3','a:1:{s:8:\"customer\";s:738:\"a:28:{s:2:\"id\";s:1:\"0\";s:13:\"date_modified\";s:0:\"\";s:10:\"first_name\";s:0:\"\";s:9:\"last_name\";s:0:\"\";s:7:\"company\";s:0:\"\";s:5:\"phone\";s:0:\"\";s:5:\"email\";s:0:\"\";s:7:\"address\";s:0:\"\";s:9:\"address_1\";s:0:\"\";s:9:\"address_2\";s:0:\"\";s:4:\"city\";s:0:\"\";s:5:\"state\";s:0:\"\";s:8:\"postcode\";s:0:\"\";s:7:\"country\";s:2:\"GB\";s:19:\"shipping_first_name\";s:0:\"\";s:18:\"shipping_last_name\";s:0:\"\";s:16:\"shipping_company\";s:0:\"\";s:14:\"shipping_phone\";s:0:\"\";s:16:\"shipping_address\";s:0:\"\";s:18:\"shipping_address_1\";s:0:\"\";s:18:\"shipping_address_2\";s:0:\"\";s:13:\"shipping_city\";s:0:\"\";s:14:\"shipping_state\";s:0:\"\";s:17:\"shipping_postcode\";s:0:\"\";s:16:\"shipping_country\";s:2:\"GB\";s:13:\"is_vat_exempt\";s:0:\"\";s:19:\"calculated_shipping\";s:0:\"\";s:9:\"meta_data\";a:0:{}}\";}',1757612145),(689,'t_3e9aaa381a92c25b694f677eb8c420','a:1:{s:8:\"customer\";s:738:\"a:28:{s:2:\"id\";s:1:\"0\";s:13:\"date_modified\";s:0:\"\";s:10:\"first_name\";s:0:\"\";s:9:\"last_name\";s:0:\"\";s:7:\"company\";s:0:\"\";s:5:\"phone\";s:0:\"\";s:5:\"email\";s:0:\"\";s:7:\"address\";s:0:\"\";s:9:\"address_1\";s:0:\"\";s:9:\"address_2\";s:0:\"\";s:4:\"city\";s:0:\"\";s:5:\"state\";s:0:\"\";s:8:\"postcode\";s:0:\"\";s:7:\"country\";s:2:\"GB\";s:19:\"shipping_first_name\";s:0:\"\";s:18:\"shipping_last_name\";s:0:\"\";s:16:\"shipping_company\";s:0:\"\";s:14:\"shipping_phone\";s:0:\"\";s:16:\"shipping_address\";s:0:\"\";s:18:\"shipping_address_1\";s:0:\"\";s:18:\"shipping_address_2\";s:0:\"\";s:13:\"shipping_city\";s:0:\"\";s:14:\"shipping_state\";s:0:\"\";s:17:\"shipping_postcode\";s:0:\"\";s:16:\"shipping_country\";s:2:\"GB\";s:13:\"is_vat_exempt\";s:0:\"\";s:19:\"calculated_shipping\";s:0:\"\";s:9:\"meta_data\";a:0:{}}\";}',1757613035),(693,'t_4fdc8d0ffb94348fcaee56bc52793c','a:1:{s:8:\"customer\";s:738:\"a:28:{s:2:\"id\";s:1:\"0\";s:13:\"date_modified\";s:0:\"\";s:10:\"first_name\";s:0:\"\";s:9:\"last_name\";s:0:\"\";s:7:\"company\";s:0:\"\";s:5:\"phone\";s:0:\"\";s:5:\"email\";s:0:\"\";s:7:\"address\";s:0:\"\";s:9:\"address_1\";s:0:\"\";s:9:\"address_2\";s:0:\"\";s:4:\"city\";s:0:\"\";s:5:\"state\";s:0:\"\";s:8:\"postcode\";s:0:\"\";s:7:\"country\";s:2:\"GB\";s:19:\"shipping_first_name\";s:0:\"\";s:18:\"shipping_last_name\";s:0:\"\";s:16:\"shipping_company\";s:0:\"\";s:14:\"shipping_phone\";s:0:\"\";s:16:\"shipping_address\";s:0:\"\";s:18:\"shipping_address_1\";s:0:\"\";s:18:\"shipping_address_2\";s:0:\"\";s:13:\"shipping_city\";s:0:\"\";s:14:\"shipping_state\";s:0:\"\";s:17:\"shipping_postcode\";s:0:\"\";s:16:\"shipping_country\";s:2:\"GB\";s:13:\"is_vat_exempt\";s:0:\"\";s:19:\"calculated_shipping\";s:0:\"\";s:9:\"meta_data\";a:0:{}}\";}',1757613342),(694,'t_b54bb41855511127cfb91abff23457','a:1:{s:8:\"customer\";s:738:\"a:28:{s:2:\"id\";s:1:\"0\";s:13:\"date_modified\";s:0:\"\";s:10:\"first_name\";s:0:\"\";s:9:\"last_name\";s:0:\"\";s:7:\"company\";s:0:\"\";s:5:\"phone\";s:0:\"\";s:5:\"email\";s:0:\"\";s:7:\"address\";s:0:\"\";s:9:\"address_1\";s:0:\"\";s:9:\"address_2\";s:0:\"\";s:4:\"city\";s:0:\"\";s:5:\"state\";s:0:\"\";s:8:\"postcode\";s:0:\"\";s:7:\"country\";s:2:\"GB\";s:19:\"shipping_first_name\";s:0:\"\";s:18:\"shipping_last_name\";s:0:\"\";s:16:\"shipping_company\";s:0:\"\";s:14:\"shipping_phone\";s:0:\"\";s:16:\"shipping_address\";s:0:\"\";s:18:\"shipping_address_1\";s:0:\"\";s:18:\"shipping_address_2\";s:0:\"\";s:13:\"shipping_city\";s:0:\"\";s:14:\"shipping_state\";s:0:\"\";s:17:\"shipping_postcode\";s:0:\"\";s:16:\"shipping_country\";s:2:\"GB\";s:13:\"is_vat_exempt\";s:0:\"\";s:19:\"calculated_shipping\";s:0:\"\";s:9:\"meta_data\";a:0:{}}\";}',1757613694),(695,'t_432fb3c5932d863106aea7ba936d9c','a:1:{s:8:\"customer\";s:738:\"a:28:{s:2:\"id\";s:1:\"0\";s:13:\"date_modified\";s:0:\"\";s:10:\"first_name\";s:0:\"\";s:9:\"last_name\";s:0:\"\";s:7:\"company\";s:0:\"\";s:5:\"phone\";s:0:\"\";s:5:\"email\";s:0:\"\";s:7:\"address\";s:0:\"\";s:9:\"address_1\";s:0:\"\";s:9:\"address_2\";s:0:\"\";s:4:\"city\";s:0:\"\";s:5:\"state\";s:0:\"\";s:8:\"postcode\";s:0:\"\";s:7:\"country\";s:2:\"GB\";s:19:\"shipping_first_name\";s:0:\"\";s:18:\"shipping_last_name\";s:0:\"\";s:16:\"shipping_company\";s:0:\"\";s:14:\"shipping_phone\";s:0:\"\";s:16:\"shipping_address\";s:0:\"\";s:18:\"shipping_address_1\";s:0:\"\";s:18:\"shipping_address_2\";s:0:\"\";s:13:\"shipping_city\";s:0:\"\";s:14:\"shipping_state\";s:0:\"\";s:17:\"shipping_postcode\";s:0:\"\";s:16:\"shipping_country\";s:2:\"GB\";s:13:\"is_vat_exempt\";s:0:\"\";s:19:\"calculated_shipping\";s:0:\"\";s:9:\"meta_data\";a:0:{}}\";}',1757613710),(696,'t_3cf0ba6a36f04ec4a5264daa524595','a:1:{s:8:\"customer\";s:738:\"a:28:{s:2:\"id\";s:1:\"0\";s:13:\"date_modified\";s:0:\"\";s:10:\"first_name\";s:0:\"\";s:9:\"last_name\";s:0:\"\";s:7:\"company\";s:0:\"\";s:5:\"phone\";s:0:\"\";s:5:\"email\";s:0:\"\";s:7:\"address\";s:0:\"\";s:9:\"address_1\";s:0:\"\";s:9:\"address_2\";s:0:\"\";s:4:\"city\";s:0:\"\";s:5:\"state\";s:0:\"\";s:8:\"postcode\";s:0:\"\";s:7:\"country\";s:2:\"GB\";s:19:\"shipping_first_name\";s:0:\"\";s:18:\"shipping_last_name\";s:0:\"\";s:16:\"shipping_company\";s:0:\"\";s:14:\"shipping_phone\";s:0:\"\";s:16:\"shipping_address\";s:0:\"\";s:18:\"shipping_address_1\";s:0:\"\";s:18:\"shipping_address_2\";s:0:\"\";s:13:\"shipping_city\";s:0:\"\";s:14:\"shipping_state\";s:0:\"\";s:17:\"shipping_postcode\";s:0:\"\";s:16:\"shipping_country\";s:2:\"GB\";s:13:\"is_vat_exempt\";s:0:\"\";s:19:\"calculated_shipping\";s:0:\"\";s:9:\"meta_data\";a:0:{}}\";}',1757613719),(697,'t_83af3fb450c5e6dccd751995451a31','a:1:{s:8:\"customer\";s:738:\"a:28:{s:2:\"id\";s:1:\"0\";s:13:\"date_modified\";s:0:\"\";s:10:\"first_name\";s:0:\"\";s:9:\"last_name\";s:0:\"\";s:7:\"company\";s:0:\"\";s:5:\"phone\";s:0:\"\";s:5:\"email\";s:0:\"\";s:7:\"address\";s:0:\"\";s:9:\"address_1\";s:0:\"\";s:9:\"address_2\";s:0:\"\";s:4:\"city\";s:0:\"\";s:5:\"state\";s:0:\"\";s:8:\"postcode\";s:0:\"\";s:7:\"country\";s:2:\"GB\";s:19:\"shipping_first_name\";s:0:\"\";s:18:\"shipping_last_name\";s:0:\"\";s:16:\"shipping_company\";s:0:\"\";s:14:\"shipping_phone\";s:0:\"\";s:16:\"shipping_address\";s:0:\"\";s:18:\"shipping_address_1\";s:0:\"\";s:18:\"shipping_address_2\";s:0:\"\";s:13:\"shipping_city\";s:0:\"\";s:14:\"shipping_state\";s:0:\"\";s:17:\"shipping_postcode\";s:0:\"\";s:16:\"shipping_country\";s:2:\"GB\";s:13:\"is_vat_exempt\";s:0:\"\";s:19:\"calculated_shipping\";s:0:\"\";s:9:\"meta_data\";a:0:{}}\";}',1757613806),(698,'t_31541b9c56d43460501a6835a4324c','a:1:{s:8:\"customer\";s:738:\"a:28:{s:2:\"id\";s:1:\"0\";s:13:\"date_modified\";s:0:\"\";s:10:\"first_name\";s:0:\"\";s:9:\"last_name\";s:0:\"\";s:7:\"company\";s:0:\"\";s:5:\"phone\";s:0:\"\";s:5:\"email\";s:0:\"\";s:7:\"address\";s:0:\"\";s:9:\"address_1\";s:0:\"\";s:9:\"address_2\";s:0:\"\";s:4:\"city\";s:0:\"\";s:5:\"state\";s:0:\"\";s:8:\"postcode\";s:0:\"\";s:7:\"country\";s:2:\"GB\";s:19:\"shipping_first_name\";s:0:\"\";s:18:\"shipping_last_name\";s:0:\"\";s:16:\"shipping_company\";s:0:\"\";s:14:\"shipping_phone\";s:0:\"\";s:16:\"shipping_address\";s:0:\"\";s:18:\"shipping_address_1\";s:0:\"\";s:18:\"shipping_address_2\";s:0:\"\";s:13:\"shipping_city\";s:0:\"\";s:14:\"shipping_state\";s:0:\"\";s:17:\"shipping_postcode\";s:0:\"\";s:16:\"shipping_country\";s:2:\"GB\";s:13:\"is_vat_exempt\";s:0:\"\";s:19:\"calculated_shipping\";s:0:\"\";s:9:\"meta_data\";a:0:{}}\";}',1757614030),(699,'t_5ca9887dc115910bbff1ad03582a30','a:1:{s:8:\"customer\";s:738:\"a:28:{s:2:\"id\";s:1:\"0\";s:13:\"date_modified\";s:0:\"\";s:10:\"first_name\";s:0:\"\";s:9:\"last_name\";s:0:\"\";s:7:\"company\";s:0:\"\";s:5:\"phone\";s:0:\"\";s:5:\"email\";s:0:\"\";s:7:\"address\";s:0:\"\";s:9:\"address_1\";s:0:\"\";s:9:\"address_2\";s:0:\"\";s:4:\"city\";s:0:\"\";s:5:\"state\";s:0:\"\";s:8:\"postcode\";s:0:\"\";s:7:\"country\";s:2:\"GB\";s:19:\"shipping_first_name\";s:0:\"\";s:18:\"shipping_last_name\";s:0:\"\";s:16:\"shipping_company\";s:0:\"\";s:14:\"shipping_phone\";s:0:\"\";s:16:\"shipping_address\";s:0:\"\";s:18:\"shipping_address_1\";s:0:\"\";s:18:\"shipping_address_2\";s:0:\"\";s:13:\"shipping_city\";s:0:\"\";s:14:\"shipping_state\";s:0:\"\";s:17:\"shipping_postcode\";s:0:\"\";s:16:\"shipping_country\";s:2:\"GB\";s:13:\"is_vat_exempt\";s:0:\"\";s:19:\"calculated_shipping\";s:0:\"\";s:9:\"meta_data\";a:0:{}}\";}',1757614625),(700,'t_6ec117f14ce3f96542a443d0897635','a:1:{s:8:\"customer\";s:738:\"a:28:{s:2:\"id\";s:1:\"0\";s:13:\"date_modified\";s:0:\"\";s:10:\"first_name\";s:0:\"\";s:9:\"last_name\";s:0:\"\";s:7:\"company\";s:0:\"\";s:5:\"phone\";s:0:\"\";s:5:\"email\";s:0:\"\";s:7:\"address\";s:0:\"\";s:9:\"address_1\";s:0:\"\";s:9:\"address_2\";s:0:\"\";s:4:\"city\";s:0:\"\";s:5:\"state\";s:0:\"\";s:8:\"postcode\";s:0:\"\";s:7:\"country\";s:2:\"GB\";s:19:\"shipping_first_name\";s:0:\"\";s:18:\"shipping_last_name\";s:0:\"\";s:16:\"shipping_company\";s:0:\"\";s:14:\"shipping_phone\";s:0:\"\";s:16:\"shipping_address\";s:0:\"\";s:18:\"shipping_address_1\";s:0:\"\";s:18:\"shipping_address_2\";s:0:\"\";s:13:\"shipping_city\";s:0:\"\";s:14:\"shipping_state\";s:0:\"\";s:17:\"shipping_postcode\";s:0:\"\";s:16:\"shipping_country\";s:2:\"GB\";s:13:\"is_vat_exempt\";s:0:\"\";s:19:\"calculated_shipping\";s:0:\"\";s:9:\"meta_data\";a:0:{}}\";}',1757615086),(701,'t_95cccb532f406ac32bed3b0022db2b','a:1:{s:8:\"customer\";s:738:\"a:28:{s:2:\"id\";s:1:\"0\";s:13:\"date_modified\";s:0:\"\";s:10:\"first_name\";s:0:\"\";s:9:\"last_name\";s:0:\"\";s:7:\"company\";s:0:\"\";s:5:\"phone\";s:0:\"\";s:5:\"email\";s:0:\"\";s:7:\"address\";s:0:\"\";s:9:\"address_1\";s:0:\"\";s:9:\"address_2\";s:0:\"\";s:4:\"city\";s:0:\"\";s:5:\"state\";s:0:\"\";s:8:\"postcode\";s:0:\"\";s:7:\"country\";s:2:\"GB\";s:19:\"shipping_first_name\";s:0:\"\";s:18:\"shipping_last_name\";s:0:\"\";s:16:\"shipping_company\";s:0:\"\";s:14:\"shipping_phone\";s:0:\"\";s:16:\"shipping_address\";s:0:\"\";s:18:\"shipping_address_1\";s:0:\"\";s:18:\"shipping_address_2\";s:0:\"\";s:13:\"shipping_city\";s:0:\"\";s:14:\"shipping_state\";s:0:\"\";s:17:\"shipping_postcode\";s:0:\"\";s:16:\"shipping_country\";s:2:\"GB\";s:13:\"is_vat_exempt\";s:0:\"\";s:19:\"calculated_shipping\";s:0:\"\";s:9:\"meta_data\";a:0:{}}\";}',1757628444),(702,'t_f70de13593653c70ce106b275ce55b','a:1:{s:8:\"customer\";s:738:\"a:28:{s:2:\"id\";s:1:\"0\";s:13:\"date_modified\";s:0:\"\";s:10:\"first_name\";s:0:\"\";s:9:\"last_name\";s:0:\"\";s:7:\"company\";s:0:\"\";s:5:\"phone\";s:0:\"\";s:5:\"email\";s:0:\"\";s:7:\"address\";s:0:\"\";s:9:\"address_1\";s:0:\"\";s:9:\"address_2\";s:0:\"\";s:4:\"city\";s:0:\"\";s:5:\"state\";s:0:\"\";s:8:\"postcode\";s:0:\"\";s:7:\"country\";s:2:\"GB\";s:19:\"shipping_first_name\";s:0:\"\";s:18:\"shipping_last_name\";s:0:\"\";s:16:\"shipping_company\";s:0:\"\";s:14:\"shipping_phone\";s:0:\"\";s:16:\"shipping_address\";s:0:\"\";s:18:\"shipping_address_1\";s:0:\"\";s:18:\"shipping_address_2\";s:0:\"\";s:13:\"shipping_city\";s:0:\"\";s:14:\"shipping_state\";s:0:\"\";s:17:\"shipping_postcode\";s:0:\"\";s:16:\"shipping_country\";s:2:\"GB\";s:13:\"is_vat_exempt\";s:0:\"\";s:19:\"calculated_shipping\";s:0:\"\";s:9:\"meta_data\";a:0:{}}\";}',1757628450),(703,'t_1b29364098bbc314d5522fa27347cd','a:1:{s:8:\"customer\";s:738:\"a:28:{s:2:\"id\";s:1:\"0\";s:13:\"date_modified\";s:0:\"\";s:10:\"first_name\";s:0:\"\";s:9:\"last_name\";s:0:\"\";s:7:\"company\";s:0:\"\";s:5:\"phone\";s:0:\"\";s:5:\"email\";s:0:\"\";s:7:\"address\";s:0:\"\";s:9:\"address_1\";s:0:\"\";s:9:\"address_2\";s:0:\"\";s:4:\"city\";s:0:\"\";s:5:\"state\";s:0:\"\";s:8:\"postcode\";s:0:\"\";s:7:\"country\";s:2:\"GB\";s:19:\"shipping_first_name\";s:0:\"\";s:18:\"shipping_last_name\";s:0:\"\";s:16:\"shipping_company\";s:0:\"\";s:14:\"shipping_phone\";s:0:\"\";s:16:\"shipping_address\";s:0:\"\";s:18:\"shipping_address_1\";s:0:\"\";s:18:\"shipping_address_2\";s:0:\"\";s:13:\"shipping_city\";s:0:\"\";s:14:\"shipping_state\";s:0:\"\";s:17:\"shipping_postcode\";s:0:\"\";s:16:\"shipping_country\";s:2:\"GB\";s:13:\"is_vat_exempt\";s:0:\"\";s:19:\"calculated_shipping\";s:0:\"\";s:9:\"meta_data\";a:0:{}}\";}',1757628457),(704,'t_ba843accab38a59844d586aa8216f9','a:1:{s:8:\"customer\";s:738:\"a:28:{s:2:\"id\";s:1:\"0\";s:13:\"date_modified\";s:0:\"\";s:10:\"first_name\";s:0:\"\";s:9:\"last_name\";s:0:\"\";s:7:\"company\";s:0:\"\";s:5:\"phone\";s:0:\"\";s:5:\"email\";s:0:\"\";s:7:\"address\";s:0:\"\";s:9:\"address_1\";s:0:\"\";s:9:\"address_2\";s:0:\"\";s:4:\"city\";s:0:\"\";s:5:\"state\";s:0:\"\";s:8:\"postcode\";s:0:\"\";s:7:\"country\";s:2:\"GB\";s:19:\"shipping_first_name\";s:0:\"\";s:18:\"shipping_last_name\";s:0:\"\";s:16:\"shipping_company\";s:0:\"\";s:14:\"shipping_phone\";s:0:\"\";s:16:\"shipping_address\";s:0:\"\";s:18:\"shipping_address_1\";s:0:\"\";s:18:\"shipping_address_2\";s:0:\"\";s:13:\"shipping_city\";s:0:\"\";s:14:\"shipping_state\";s:0:\"\";s:17:\"shipping_postcode\";s:0:\"\";s:16:\"shipping_country\";s:2:\"GB\";s:13:\"is_vat_exempt\";s:0:\"\";s:19:\"calculated_shipping\";s:0:\"\";s:9:\"meta_data\";a:0:{}}\";}',1757637847),(707,'t_467c268d32cdfb26b4d1f26149561a','a:9:{s:8:\"customer\";s:738:\"a:28:{s:2:\"id\";s:1:\"0\";s:13:\"date_modified\";s:0:\"\";s:10:\"first_name\";s:0:\"\";s:9:\"last_name\";s:0:\"\";s:7:\"company\";s:0:\"\";s:5:\"phone\";s:0:\"\";s:5:\"email\";s:0:\"\";s:7:\"address\";s:0:\"\";s:9:\"address_1\";s:0:\"\";s:9:\"address_2\";s:0:\"\";s:4:\"city\";s:0:\"\";s:5:\"state\";s:0:\"\";s:8:\"postcode\";s:0:\"\";s:7:\"country\";s:2:\"GB\";s:19:\"shipping_first_name\";s:0:\"\";s:18:\"shipping_last_name\";s:0:\"\";s:16:\"shipping_company\";s:0:\"\";s:14:\"shipping_phone\";s:0:\"\";s:16:\"shipping_address\";s:0:\"\";s:18:\"shipping_address_1\";s:0:\"\";s:18:\"shipping_address_2\";s:0:\"\";s:13:\"shipping_city\";s:0:\"\";s:14:\"shipping_state\";s:0:\"\";s:17:\"shipping_postcode\";s:0:\"\";s:16:\"shipping_country\";s:2:\"GB\";s:13:\"is_vat_exempt\";s:0:\"\";s:19:\"calculated_shipping\";s:0:\"\";s:9:\"meta_data\";a:0:{}}\";s:22:\"shipping_for_package_0\";s:486:\"a:2:{s:12:\"package_hash\";s:40:\"wc_ship_e5412e78dd9ca7da8eb267a40126c9c8\";s:5:\"rates\";a:1:{s:33:\"gelato_shipping_cheapest_cheapest\";O:16:\"WC_Shipping_Rate\":2:{s:7:\"\0*\0data\";a:9:{s:2:\"id\";s:33:\"gelato_shipping_cheapest_cheapest\";s:9:\"method_id\";s:24:\"gelato_shipping_cheapest\";s:11:\"instance_id\";i:0;s:5:\"label\";s:9:\"Flat Rate\";s:4:\"cost\";s:8:\"3.596369\";s:5:\"taxes\";a:0:{}s:10:\"tax_status\";s:7:\"taxable\";s:11:\"description\";s:0:\"\";s:13:\"delivery_time\";s:0:\"\";}s:12:\"\0*\0meta_data\";a:0:{}}}}\";s:25:\"previous_shipping_methods\";s:61:\"a:1:{i:0;a:1:{i:0;s:33:\"gelato_shipping_cheapest_cheapest\";}}\";s:23:\"chosen_shipping_methods\";s:51:\"a:1:{i:0;s:33:\"gelato_shipping_cheapest_cheapest\";}\";s:22:\"shipping_method_counts\";s:14:\"a:1:{i:0;i:1;}\";s:9:\"ppcp_fees\";s:6:\"a:0:{}\";s:11:\"cart_totals\";s:406:\"a:15:{s:8:\"subtotal\";s:5:\"23.99\";s:12:\"subtotal_tax\";d:0;s:14:\"shipping_total\";s:8:\"3.596369\";s:12:\"shipping_tax\";d:0;s:14:\"shipping_taxes\";a:0:{}s:14:\"discount_total\";d:0;s:12:\"discount_tax\";d:0;s:19:\"cart_contents_total\";s:5:\"23.99\";s:17:\"cart_contents_tax\";i:0;s:19:\"cart_contents_taxes\";a:0:{}s:9:\"fee_total\";s:1:\"0\";s:7:\"fee_tax\";d:0;s:9:\"fee_taxes\";a:0:{}s:5:\"total\";s:5:\"27.59\";s:9:\"total_tax\";d:0;}\";s:4:\"cart\";s:578:\"a:1:{s:32:\"edd31221f9fdb8cee0f05785fdf5f682\";a:11:{s:3:\"key\";s:32:\"edd31221f9fdb8cee0f05785fdf5f682\";s:10:\"product_id\";i:4548;s:12:\"variation_id\";i:4551;s:9:\"variation\";a:2:{s:15:\"attribute_color\";s:5:\"White\";s:14:\"attribute_size\";s:1:\"L\";}s:8:\"quantity\";i:1;s:9:\"data_hash\";s:32:\"beaf199a5167563f735fe0246b6ee9d4\";s:13:\"line_tax_data\";a:2:{s:8:\"subtotal\";a:0:{}s:5:\"total\";a:0:{}}s:13:\"line_subtotal\";d:23.989999999999998436805981327779591083526611328125;s:17:\"line_subtotal_tax\";d:0;s:10:\"line_total\";d:23.989999999999998436805981327779591083526611328125;s:8:\"line_tax\";d:0;}}\";s:21:\"chosen_payment_method\";s:24:\"ppcp-credit-card-gateway\";}',1757773804),(708,'t_a7c2c71ffce613a3e128b55c31c053','a:1:{s:8:\"customer\";s:738:\"a:28:{s:2:\"id\";s:1:\"0\";s:13:\"date_modified\";s:0:\"\";s:10:\"first_name\";s:0:\"\";s:9:\"last_name\";s:0:\"\";s:7:\"company\";s:0:\"\";s:5:\"phone\";s:0:\"\";s:5:\"email\";s:0:\"\";s:7:\"address\";s:0:\"\";s:9:\"address_1\";s:0:\"\";s:9:\"address_2\";s:0:\"\";s:4:\"city\";s:0:\"\";s:5:\"state\";s:0:\"\";s:8:\"postcode\";s:0:\"\";s:7:\"country\";s:2:\"GB\";s:19:\"shipping_first_name\";s:0:\"\";s:18:\"shipping_last_name\";s:0:\"\";s:16:\"shipping_company\";s:0:\"\";s:14:\"shipping_phone\";s:0:\"\";s:16:\"shipping_address\";s:0:\"\";s:18:\"shipping_address_1\";s:0:\"\";s:18:\"shipping_address_2\";s:0:\"\";s:13:\"shipping_city\";s:0:\"\";s:14:\"shipping_state\";s:0:\"\";s:17:\"shipping_postcode\";s:0:\"\";s:16:\"shipping_country\";s:2:\"GB\";s:13:\"is_vat_exempt\";s:0:\"\";s:19:\"calculated_shipping\";s:0:\"\";s:9:\"meta_data\";a:0:{}}\";}',1757693858),(709,'t_ebd984282f45dfd1bdd3f79370bfe9','a:1:{s:8:\"customer\";s:738:\"a:28:{s:2:\"id\";s:1:\"0\";s:13:\"date_modified\";s:0:\"\";s:10:\"first_name\";s:0:\"\";s:9:\"last_name\";s:0:\"\";s:7:\"company\";s:0:\"\";s:5:\"phone\";s:0:\"\";s:5:\"email\";s:0:\"\";s:7:\"address\";s:0:\"\";s:9:\"address_1\";s:0:\"\";s:9:\"address_2\";s:0:\"\";s:4:\"city\";s:0:\"\";s:5:\"state\";s:0:\"\";s:8:\"postcode\";s:0:\"\";s:7:\"country\";s:2:\"GB\";s:19:\"shipping_first_name\";s:0:\"\";s:18:\"shipping_last_name\";s:0:\"\";s:16:\"shipping_company\";s:0:\"\";s:14:\"shipping_phone\";s:0:\"\";s:16:\"shipping_address\";s:0:\"\";s:18:\"shipping_address_1\";s:0:\"\";s:18:\"shipping_address_2\";s:0:\"\";s:13:\"shipping_city\";s:0:\"\";s:14:\"shipping_state\";s:0:\"\";s:17:\"shipping_postcode\";s:0:\"\";s:16:\"shipping_country\";s:2:\"GB\";s:13:\"is_vat_exempt\";s:0:\"\";s:19:\"calculated_shipping\";s:0:\"\";s:9:\"meta_data\";a:0:{}}\";}',1757694853),(710,'t_fa5f66b7e5609c36f4831c180e74ff','a:1:{s:8:\"customer\";s:738:\"a:28:{s:2:\"id\";s:1:\"0\";s:13:\"date_modified\";s:0:\"\";s:10:\"first_name\";s:0:\"\";s:9:\"last_name\";s:0:\"\";s:7:\"company\";s:0:\"\";s:5:\"phone\";s:0:\"\";s:5:\"email\";s:0:\"\";s:7:\"address\";s:0:\"\";s:9:\"address_1\";s:0:\"\";s:9:\"address_2\";s:0:\"\";s:4:\"city\";s:0:\"\";s:5:\"state\";s:0:\"\";s:8:\"postcode\";s:0:\"\";s:7:\"country\";s:2:\"GB\";s:19:\"shipping_first_name\";s:0:\"\";s:18:\"shipping_last_name\";s:0:\"\";s:16:\"shipping_company\";s:0:\"\";s:14:\"shipping_phone\";s:0:\"\";s:16:\"shipping_address\";s:0:\"\";s:18:\"shipping_address_1\";s:0:\"\";s:18:\"shipping_address_2\";s:0:\"\";s:13:\"shipping_city\";s:0:\"\";s:14:\"shipping_state\";s:0:\"\";s:17:\"shipping_postcode\";s:0:\"\";s:16:\"shipping_country\";s:2:\"GB\";s:13:\"is_vat_exempt\";s:0:\"\";s:19:\"calculated_shipping\";s:0:\"\";s:9:\"meta_data\";a:0:{}}\";}',1757695281),(713,'t_dabdf4a068e2b146ee27c25abfc82e','a:1:{s:8:\"customer\";s:738:\"a:28:{s:2:\"id\";s:1:\"0\";s:13:\"date_modified\";s:0:\"\";s:10:\"first_name\";s:0:\"\";s:9:\"last_name\";s:0:\"\";s:7:\"company\";s:0:\"\";s:5:\"phone\";s:0:\"\";s:5:\"email\";s:0:\"\";s:7:\"address\";s:0:\"\";s:9:\"address_1\";s:0:\"\";s:9:\"address_2\";s:0:\"\";s:4:\"city\";s:0:\"\";s:5:\"state\";s:0:\"\";s:8:\"postcode\";s:0:\"\";s:7:\"country\";s:2:\"GB\";s:19:\"shipping_first_name\";s:0:\"\";s:18:\"shipping_last_name\";s:0:\"\";s:16:\"shipping_company\";s:0:\"\";s:14:\"shipping_phone\";s:0:\"\";s:16:\"shipping_address\";s:0:\"\";s:18:\"shipping_address_1\";s:0:\"\";s:18:\"shipping_address_2\";s:0:\"\";s:13:\"shipping_city\";s:0:\"\";s:14:\"shipping_state\";s:0:\"\";s:17:\"shipping_postcode\";s:0:\"\";s:16:\"shipping_country\";s:2:\"GB\";s:13:\"is_vat_exempt\";s:0:\"\";s:19:\"calculated_shipping\";s:0:\"\";s:9:\"meta_data\";a:0:{}}\";}',1757696019),(714,'t_311b0cb436c5756f764fd3024488f7','a:1:{s:8:\"customer\";s:738:\"a:28:{s:2:\"id\";s:1:\"0\";s:13:\"date_modified\";s:0:\"\";s:10:\"first_name\";s:0:\"\";s:9:\"last_name\";s:0:\"\";s:7:\"company\";s:0:\"\";s:5:\"phone\";s:0:\"\";s:5:\"email\";s:0:\"\";s:7:\"address\";s:0:\"\";s:9:\"address_1\";s:0:\"\";s:9:\"address_2\";s:0:\"\";s:4:\"city\";s:0:\"\";s:5:\"state\";s:0:\"\";s:8:\"postcode\";s:0:\"\";s:7:\"country\";s:2:\"GB\";s:19:\"shipping_first_name\";s:0:\"\";s:18:\"shipping_last_name\";s:0:\"\";s:16:\"shipping_company\";s:0:\"\";s:14:\"shipping_phone\";s:0:\"\";s:16:\"shipping_address\";s:0:\"\";s:18:\"shipping_address_1\";s:0:\"\";s:18:\"shipping_address_2\";s:0:\"\";s:13:\"shipping_city\";s:0:\"\";s:14:\"shipping_state\";s:0:\"\";s:17:\"shipping_postcode\";s:0:\"\";s:16:\"shipping_country\";s:2:\"GB\";s:13:\"is_vat_exempt\";s:0:\"\";s:19:\"calculated_shipping\";s:0:\"\";s:9:\"meta_data\";a:0:{}}\";}',1757696202),(715,'t_2521d055d86b8808e20bbc3778d459','a:1:{s:8:\"customer\";s:738:\"a:28:{s:2:\"id\";s:1:\"0\";s:13:\"date_modified\";s:0:\"\";s:10:\"first_name\";s:0:\"\";s:9:\"last_name\";s:0:\"\";s:7:\"company\";s:0:\"\";s:5:\"phone\";s:0:\"\";s:5:\"email\";s:0:\"\";s:7:\"address\";s:0:\"\";s:9:\"address_1\";s:0:\"\";s:9:\"address_2\";s:0:\"\";s:4:\"city\";s:0:\"\";s:5:\"state\";s:0:\"\";s:8:\"postcode\";s:0:\"\";s:7:\"country\";s:2:\"GB\";s:19:\"shipping_first_name\";s:0:\"\";s:18:\"shipping_last_name\";s:0:\"\";s:16:\"shipping_company\";s:0:\"\";s:14:\"shipping_phone\";s:0:\"\";s:16:\"shipping_address\";s:0:\"\";s:18:\"shipping_address_1\";s:0:\"\";s:18:\"shipping_address_2\";s:0:\"\";s:13:\"shipping_city\";s:0:\"\";s:14:\"shipping_state\";s:0:\"\";s:17:\"shipping_postcode\";s:0:\"\";s:16:\"shipping_country\";s:2:\"GB\";s:13:\"is_vat_exempt\";s:0:\"\";s:19:\"calculated_shipping\";s:0:\"\";s:9:\"meta_data\";a:0:{}}\";}',1757696219),(716,'t_9d3ba3de6e8505d32f492d81563236','a:1:{s:8:\"customer\";s:738:\"a:28:{s:2:\"id\";s:1:\"0\";s:13:\"date_modified\";s:0:\"\";s:10:\"first_name\";s:0:\"\";s:9:\"last_name\";s:0:\"\";s:7:\"company\";s:0:\"\";s:5:\"phone\";s:0:\"\";s:5:\"email\";s:0:\"\";s:7:\"address\";s:0:\"\";s:9:\"address_1\";s:0:\"\";s:9:\"address_2\";s:0:\"\";s:4:\"city\";s:0:\"\";s:5:\"state\";s:0:\"\";s:8:\"postcode\";s:0:\"\";s:7:\"country\";s:2:\"GB\";s:19:\"shipping_first_name\";s:0:\"\";s:18:\"shipping_last_name\";s:0:\"\";s:16:\"shipping_company\";s:0:\"\";s:14:\"shipping_phone\";s:0:\"\";s:16:\"shipping_address\";s:0:\"\";s:18:\"shipping_address_1\";s:0:\"\";s:18:\"shipping_address_2\";s:0:\"\";s:13:\"shipping_city\";s:0:\"\";s:14:\"shipping_state\";s:0:\"\";s:17:\"shipping_postcode\";s:0:\"\";s:16:\"shipping_country\";s:2:\"GB\";s:13:\"is_vat_exempt\";s:0:\"\";s:19:\"calculated_shipping\";s:0:\"\";s:9:\"meta_data\";a:0:{}}\";}',1757696500),(717,'t_40237a881b7eed28e4469b59d150dc','a:1:{s:8:\"customer\";s:738:\"a:28:{s:2:\"id\";s:1:\"0\";s:13:\"date_modified\";s:0:\"\";s:10:\"first_name\";s:0:\"\";s:9:\"last_name\";s:0:\"\";s:7:\"company\";s:0:\"\";s:5:\"phone\";s:0:\"\";s:5:\"email\";s:0:\"\";s:7:\"address\";s:0:\"\";s:9:\"address_1\";s:0:\"\";s:9:\"address_2\";s:0:\"\";s:4:\"city\";s:0:\"\";s:5:\"state\";s:0:\"\";s:8:\"postcode\";s:0:\"\";s:7:\"country\";s:2:\"GB\";s:19:\"shipping_first_name\";s:0:\"\";s:18:\"shipping_last_name\";s:0:\"\";s:16:\"shipping_company\";s:0:\"\";s:14:\"shipping_phone\";s:0:\"\";s:16:\"shipping_address\";s:0:\"\";s:18:\"shipping_address_1\";s:0:\"\";s:18:\"shipping_address_2\";s:0:\"\";s:13:\"shipping_city\";s:0:\"\";s:14:\"shipping_state\";s:0:\"\";s:17:\"shipping_postcode\";s:0:\"\";s:16:\"shipping_country\";s:2:\"GB\";s:13:\"is_vat_exempt\";s:0:\"\";s:19:\"calculated_shipping\";s:0:\"\";s:9:\"meta_data\";a:0:{}}\";}',1757696506),(718,'t_7d69e8fc925bab0f617496410f843d','a:1:{s:8:\"customer\";s:738:\"a:28:{s:2:\"id\";s:1:\"0\";s:13:\"date_modified\";s:0:\"\";s:10:\"first_name\";s:0:\"\";s:9:\"last_name\";s:0:\"\";s:7:\"company\";s:0:\"\";s:5:\"phone\";s:0:\"\";s:5:\"email\";s:0:\"\";s:7:\"address\";s:0:\"\";s:9:\"address_1\";s:0:\"\";s:9:\"address_2\";s:0:\"\";s:4:\"city\";s:0:\"\";s:5:\"state\";s:0:\"\";s:8:\"postcode\";s:0:\"\";s:7:\"country\";s:2:\"GB\";s:19:\"shipping_first_name\";s:0:\"\";s:18:\"shipping_last_name\";s:0:\"\";s:16:\"shipping_company\";s:0:\"\";s:14:\"shipping_phone\";s:0:\"\";s:16:\"shipping_address\";s:0:\"\";s:18:\"shipping_address_1\";s:0:\"\";s:18:\"shipping_address_2\";s:0:\"\";s:13:\"shipping_city\";s:0:\"\";s:14:\"shipping_state\";s:0:\"\";s:17:\"shipping_postcode\";s:0:\"\";s:16:\"shipping_country\";s:2:\"GB\";s:13:\"is_vat_exempt\";s:0:\"\";s:19:\"calculated_shipping\";s:0:\"\";s:9:\"meta_data\";a:0:{}}\";}',1757696518),(719,'t_f0fd7c1f28fdfad7853066ff84b163','a:1:{s:8:\"customer\";s:738:\"a:28:{s:2:\"id\";s:1:\"0\";s:13:\"date_modified\";s:0:\"\";s:10:\"first_name\";s:0:\"\";s:9:\"last_name\";s:0:\"\";s:7:\"company\";s:0:\"\";s:5:\"phone\";s:0:\"\";s:5:\"email\";s:0:\"\";s:7:\"address\";s:0:\"\";s:9:\"address_1\";s:0:\"\";s:9:\"address_2\";s:0:\"\";s:4:\"city\";s:0:\"\";s:5:\"state\";s:0:\"\";s:8:\"postcode\";s:0:\"\";s:7:\"country\";s:2:\"GB\";s:19:\"shipping_first_name\";s:0:\"\";s:18:\"shipping_last_name\";s:0:\"\";s:16:\"shipping_company\";s:0:\"\";s:14:\"shipping_phone\";s:0:\"\";s:16:\"shipping_address\";s:0:\"\";s:18:\"shipping_address_1\";s:0:\"\";s:18:\"shipping_address_2\";s:0:\"\";s:13:\"shipping_city\";s:0:\"\";s:14:\"shipping_state\";s:0:\"\";s:17:\"shipping_postcode\";s:0:\"\";s:16:\"shipping_country\";s:2:\"GB\";s:13:\"is_vat_exempt\";s:0:\"\";s:19:\"calculated_shipping\";s:0:\"\";s:9:\"meta_data\";a:0:{}}\";}',1757696556),(720,'t_11e2dd370d03e7c3605159d4adebed','a:1:{s:8:\"customer\";s:738:\"a:28:{s:2:\"id\";s:1:\"0\";s:13:\"date_modified\";s:0:\"\";s:10:\"first_name\";s:0:\"\";s:9:\"last_name\";s:0:\"\";s:7:\"company\";s:0:\"\";s:5:\"phone\";s:0:\"\";s:5:\"email\";s:0:\"\";s:7:\"address\";s:0:\"\";s:9:\"address_1\";s:0:\"\";s:9:\"address_2\";s:0:\"\";s:4:\"city\";s:0:\"\";s:5:\"state\";s:0:\"\";s:8:\"postcode\";s:0:\"\";s:7:\"country\";s:2:\"GB\";s:19:\"shipping_first_name\";s:0:\"\";s:18:\"shipping_last_name\";s:0:\"\";s:16:\"shipping_company\";s:0:\"\";s:14:\"shipping_phone\";s:0:\"\";s:16:\"shipping_address\";s:0:\"\";s:18:\"shipping_address_1\";s:0:\"\";s:18:\"shipping_address_2\";s:0:\"\";s:13:\"shipping_city\";s:0:\"\";s:14:\"shipping_state\";s:0:\"\";s:17:\"shipping_postcode\";s:0:\"\";s:16:\"shipping_country\";s:2:\"GB\";s:13:\"is_vat_exempt\";s:0:\"\";s:19:\"calculated_shipping\";s:0:\"\";s:9:\"meta_data\";a:0:{}}\";}',1757696589),(721,'t_27da82e171d5d9c831563ebea2fa1e','a:1:{s:8:\"customer\";s:738:\"a:28:{s:2:\"id\";s:1:\"0\";s:13:\"date_modified\";s:0:\"\";s:10:\"first_name\";s:0:\"\";s:9:\"last_name\";s:0:\"\";s:7:\"company\";s:0:\"\";s:5:\"phone\";s:0:\"\";s:5:\"email\";s:0:\"\";s:7:\"address\";s:0:\"\";s:9:\"address_1\";s:0:\"\";s:9:\"address_2\";s:0:\"\";s:4:\"city\";s:0:\"\";s:5:\"state\";s:0:\"\";s:8:\"postcode\";s:0:\"\";s:7:\"country\";s:2:\"GB\";s:19:\"shipping_first_name\";s:0:\"\";s:18:\"shipping_last_name\";s:0:\"\";s:16:\"shipping_company\";s:0:\"\";s:14:\"shipping_phone\";s:0:\"\";s:16:\"shipping_address\";s:0:\"\";s:18:\"shipping_address_1\";s:0:\"\";s:18:\"shipping_address_2\";s:0:\"\";s:13:\"shipping_city\";s:0:\"\";s:14:\"shipping_state\";s:0:\"\";s:17:\"shipping_postcode\";s:0:\"\";s:16:\"shipping_country\";s:2:\"GB\";s:13:\"is_vat_exempt\";s:0:\"\";s:19:\"calculated_shipping\";s:0:\"\";s:9:\"meta_data\";a:0:{}}\";}',1757696833),(722,'t_ab44b3890cafcaf686f4861d9db91a','a:1:{s:8:\"customer\";s:738:\"a:28:{s:2:\"id\";s:1:\"0\";s:13:\"date_modified\";s:0:\"\";s:10:\"first_name\";s:0:\"\";s:9:\"last_name\";s:0:\"\";s:7:\"company\";s:0:\"\";s:5:\"phone\";s:0:\"\";s:5:\"email\";s:0:\"\";s:7:\"address\";s:0:\"\";s:9:\"address_1\";s:0:\"\";s:9:\"address_2\";s:0:\"\";s:4:\"city\";s:0:\"\";s:5:\"state\";s:0:\"\";s:8:\"postcode\";s:0:\"\";s:7:\"country\";s:2:\"GB\";s:19:\"shipping_first_name\";s:0:\"\";s:18:\"shipping_last_name\";s:0:\"\";s:16:\"shipping_company\";s:0:\"\";s:14:\"shipping_phone\";s:0:\"\";s:16:\"shipping_address\";s:0:\"\";s:18:\"shipping_address_1\";s:0:\"\";s:18:\"shipping_address_2\";s:0:\"\";s:13:\"shipping_city\";s:0:\"\";s:14:\"shipping_state\";s:0:\"\";s:17:\"shipping_postcode\";s:0:\"\";s:16:\"shipping_country\";s:2:\"GB\";s:13:\"is_vat_exempt\";s:0:\"\";s:19:\"calculated_shipping\";s:0:\"\";s:9:\"meta_data\";a:0:{}}\";}',1757697421),(723,'t_fbbb364588a311798e47d06d132104','a:1:{s:8:\"customer\";s:738:\"a:28:{s:2:\"id\";s:1:\"0\";s:13:\"date_modified\";s:0:\"\";s:10:\"first_name\";s:0:\"\";s:9:\"last_name\";s:0:\"\";s:7:\"company\";s:0:\"\";s:5:\"phone\";s:0:\"\";s:5:\"email\";s:0:\"\";s:7:\"address\";s:0:\"\";s:9:\"address_1\";s:0:\"\";s:9:\"address_2\";s:0:\"\";s:4:\"city\";s:0:\"\";s:5:\"state\";s:0:\"\";s:8:\"postcode\";s:0:\"\";s:7:\"country\";s:2:\"GB\";s:19:\"shipping_first_name\";s:0:\"\";s:18:\"shipping_last_name\";s:0:\"\";s:16:\"shipping_company\";s:0:\"\";s:14:\"shipping_phone\";s:0:\"\";s:16:\"shipping_address\";s:0:\"\";s:18:\"shipping_address_1\";s:0:\"\";s:18:\"shipping_address_2\";s:0:\"\";s:13:\"shipping_city\";s:0:\"\";s:14:\"shipping_state\";s:0:\"\";s:17:\"shipping_postcode\";s:0:\"\";s:16:\"shipping_country\";s:2:\"GB\";s:13:\"is_vat_exempt\";s:0:\"\";s:19:\"calculated_shipping\";s:0:\"\";s:9:\"meta_data\";a:0:{}}\";}',1757699275);

--
-- Table structure for table `kNnkE8EUi_woocommerce_shipping_zone_locations`
--

CREATE TABLE `kNnkE8EUi_woocommerce_shipping_zone_locations` (
  `location_id` bigint unsigned NOT NULL AUTO_INCREMENT,
  `zone_id` bigint unsigned NOT NULL,
  `location_code` varchar(200) COLLATE utf8mb4_unicode_520_ci NOT NULL,
  `location_type` varchar(40) COLLATE utf8mb4_unicode_520_ci NOT NULL,
  PRIMARY KEY (`location_id`),
  KEY `zone_id` (`zone_id`),
  KEY `location_type_code` (`location_type`(10),`location_code`(20))
) ENGINE=InnoDB AUTO_INCREMENT=2 DEFAULT CHARSET=utf8mb4 COLLATE=utf8mb4_unicode_520_ci;

--
-- Dumping data for table `kNnkE8EUi_woocommerce_shipping_zone_locations`
--

INSERT INTO `kNnkE8EUi_woocommerce_shipping_zone_locations` VALUES (1,1,'GB','country');

--
-- Table structure for table `kNnkE8EUi_woocommerce_shipping_zone_methods`
--

CREATE TABLE `kNnkE8EUi_woocommerce_shipping_zone_methods` (
  `zone_id` bigint unsigned NOT NULL,
  `instance_id` bigint unsigned NOT NULL AUTO_INCREMENT,
  `method_id` varchar(200) COLLATE utf8mb4_unicode_520_ci NOT NULL,
  `method_order` bigint unsigned NOT NULL,
  `is_enabled` tinyint(1) NOT NULL DEFAULT '1',
  PRIMARY KEY (`instance_id`)
) ENGINE=InnoDB AUTO_INCREMENT=3 DEFAULT CHARSET=utf8mb4 COLLATE=utf8mb4_unicode_520_ci;

--
-- Dumping data for table `kNnkE8EUi_woocommerce_shipping_zone_methods`
--

INSERT INTO `kNnkE8EUi_woocommerce_shipping_zone_methods` VALUES (1,1,'free_shipping',1,1),(1,2,'flat_rate',2,1);

--
-- Table structure for table `kNnkE8EUi_woocommerce_shipping_zones`
--

CREATE TABLE `kNnkE8EUi_woocommerce_shipping_zones` (
  `zone_id` bigint unsigned NOT NULL AUTO_INCREMENT,
  `zone_name` varchar(200) COLLATE utf8mb4_unicode_520_ci NOT NULL,
  `zone_order` bigint unsigned NOT NULL,
  PRIMARY KEY (`zone_id`)
) ENGINE=InnoDB AUTO_INCREMENT=2 DEFAULT CHARSET=utf8mb4 COLLATE=utf8mb4_unicode_520_ci;

--
-- Dumping data for table `kNnkE8EUi_woocommerce_shipping_zones`
--

INSERT INTO `kNnkE8EUi_woocommerce_shipping_zones` VALUES (1,'UK',0);

--
-- Table structure for table `kNnkE8EUi_woocommerce_tax_rate_locations`
--

CREATE TABLE `kNnkE8EUi_woocommerce_tax_rate_locations` (
  `location_id` bigint unsigned NOT NULL AUTO_INCREMENT,
  `location_code` varchar(200) COLLATE utf8mb4_unicode_520_ci NOT NULL,
  `tax_rate_id` bigint unsigned NOT NULL,
  `location_type` varchar(40) COLLATE utf8mb4_unicode_520_ci NOT NULL,
  PRIMARY KEY (`location_id`),
  KEY `tax_rate_id` (`tax_rate_id`),
  KEY `location_type_code` (`location_type`(10),`location_code`(20))
) ENGINE=InnoDB DEFAULT CHARSET=utf8mb4 COLLATE=utf8mb4_unicode_520_ci;

--
-- Dumping data for table `kNnkE8EUi_woocommerce_tax_rate_locations`
--


--
-- Table structure for table `kNnkE8EUi_woocommerce_tax_rates`
--

CREATE TABLE `kNnkE8EUi_woocommerce_tax_rates` (
  `tax_rate_id` bigint unsigned NOT NULL AUTO_INCREMENT,
  `tax_rate_country` varchar(2) COLLATE utf8mb4_unicode_520_ci NOT NULL DEFAULT '',
  `tax_rate_state` varchar(200) COLLATE utf8mb4_unicode_520_ci NOT NULL DEFAULT '',
  `tax_rate` varchar(8) COLLATE utf8mb4_unicode_520_ci NOT NULL DEFAULT '',
  `tax_rate_name` varchar(200) COLLATE utf8mb4_unicode_520_ci NOT NULL DEFAULT '',
  `tax_rate_priority` bigint unsigned NOT NULL,
  `tax_rate_compound` int NOT NULL DEFAULT '0',
  `tax_rate_shipping` int NOT NULL DEFAULT '1',
  `tax_rate_order` bigint unsigned NOT NULL,
  `tax_rate_class` varchar(200) COLLATE utf8mb4_unicode_520_ci NOT NULL DEFAULT '',
  PRIMARY KEY (`tax_rate_id`),
  KEY `tax_rate_country` (`tax_rate_country`),
  KEY `tax_rate_state` (`tax_rate_state`(2)),
  KEY `tax_rate_class` (`tax_rate_class`(10)),
  KEY `tax_rate_priority` (`tax_rate_priority`)
) ENGINE=InnoDB DEFAULT CHARSET=utf8mb4 COLLATE=utf8mb4_unicode_520_ci;

--
-- Dumping data for table `kNnkE8EUi_woocommerce_tax_rates`
--


--
-- Table structure for table `kNnkE8EUi_woodmart_wishlist_products`
--

CREATE TABLE `kNnkE8EUi_woodmart_wishlist_products` (
  `ID` int NOT NULL AUTO_INCREMENT,
  `product_id` varchar(255) NOT NULL,
  `wishlist_id` int DEFAULT NULL,
  `date_added` timestamp NOT NULL DEFAULT CURRENT_TIMESTAMP,
  `on_sale` tinyint(1) NOT NULL,
  PRIMARY KEY (`ID`),
  KEY `product_id` (`product_id`)
) ENGINE=InnoDB DEFAULT CHARSET=utf8mb3;

--
-- Dumping data for table `kNnkE8EUi_woodmart_wishlist_products`
--


--
-- Table structure for table `kNnkE8EUi_woodmart_wishlists`
--

CREATE TABLE `kNnkE8EUi_woodmart_wishlists` (
  `ID` int NOT NULL AUTO_INCREMENT,
  `user_id` int NOT NULL,
  `wishlist_group` varchar(255) NOT NULL DEFAULT 'My wishlist',
  `date_created` timestamp NOT NULL DEFAULT CURRENT_TIMESTAMP,
  PRIMARY KEY (`ID`)
) ENGINE=InnoDB AUTO_INCREMENT=2 DEFAULT CHARSET=utf8mb3;

--
-- Dumping data for table `kNnkE8EUi_woodmart_wishlists`
--

INSERT INTO `kNnkE8EUi_woodmart_wishlists` VALUES (1,1,'My wishlist','2025-08-21 14:51:29');

--
-- Table structure for table `kNnkE8EUi_wpmailsmtp_debug_events`
--

CREATE TABLE `kNnkE8EUi_wpmailsmtp_debug_events` (
  `id` int unsigned NOT NULL AUTO_INCREMENT,
  `content` text COLLATE utf8mb4_unicode_520_ci,
  `initiator` text COLLATE utf8mb4_unicode_520_ci,
  `event_type` tinyint unsigned NOT NULL DEFAULT '0',
  `created_at` timestamp NOT NULL DEFAULT CURRENT_TIMESTAMP,
  PRIMARY KEY (`id`)
) ENGINE=InnoDB DEFAULT CHARSET=utf8mb4 COLLATE=utf8mb4_unicode_520_ci;

--
-- Dumping data for table `kNnkE8EUi_wpmailsmtp_debug_events`
--


--
-- Table structure for table `kNnkE8EUi_wpmailsmtp_tasks_meta`
--

CREATE TABLE `kNnkE8EUi_wpmailsmtp_tasks_meta` (
  `id` bigint NOT NULL AUTO_INCREMENT,
  `action` varchar(255) COLLATE utf8mb4_unicode_520_ci NOT NULL,
  `data` longtext COLLATE utf8mb4_unicode_520_ci NOT NULL,
  `date` datetime NOT NULL,
  PRIMARY KEY (`id`)
) ENGINE=InnoDB AUTO_INCREMENT=3 DEFAULT CHARSET=utf8mb4 COLLATE=utf8mb4_unicode_520_ci;

--
-- Dumping data for table `kNnkE8EUi_wpmailsmtp_tasks_meta`
--

INSERT INTO `kNnkE8EUi_wpmailsmtp_tasks_meta` VALUES (1,'wp_mail_smtp_admin_notifications_update','W10=','2025-09-03 18:09:47'),(2,'wp_mail_smtp_admin_notifications_update','W10=','2025-09-04 09:50:49');


